CRAN Package Check Results for Package BayesPieceHazSelect

Last updated on 2023-10-03 17:05:49 CEST.

Flavor Version Tinstall Tcheck Ttotal Status Flags
r-devel-linux-x86_64-debian-clang 1.1.0 9.56 51.94 61.50 NOTE
r-devel-linux-x86_64-debian-gcc 1.1.0 8.04 39.14 47.18 NOTE
r-devel-linux-x86_64-fedora-clang 1.1.0 77.83 NOTE
r-devel-linux-x86_64-fedora-gcc 1.1.0 76.18 NOTE
r-devel-windows-x86_64 1.1.0 7.00 61.00 68.00 NOTE
r-patched-linux-x86_64 1.1.0 8.37 49.90 58.27 NOTE
r-release-linux-x86_64 1.1.0 8.73 51.54 60.27 NOTE
r-release-macos-arm64 1.1.0 27.00 NOTE
r-release-macos-x86_64 1.1.0 39.00 NOTE
r-release-windows-x86_64 1.1.0 8.00 63.00 71.00 NOTE
r-oldrel-macos-arm64 1.1.0 23.00 NOTE
r-oldrel-macos-x86_64 1.1.0 33.00 NOTE
r-oldrel-windows-x86_64 1.1.0 12.00 65.00 77.00 NOTE

Check Details

Version: 1.1.0
Check: LazyData
Result: NOTE
     'LazyData' is specified without a 'data' directory
Flavors: r-devel-linux-x86_64-debian-clang, r-devel-linux-x86_64-debian-gcc, r-devel-linux-x86_64-fedora-clang, r-devel-linux-x86_64-fedora-gcc, r-devel-windows-x86_64, r-patched-linux-x86_64, r-release-linux-x86_64, r-release-macos-arm64, r-release-macos-x86_64, r-release-windows-x86_64, r-oldrel-macos-arm64, r-oldrel-macos-x86_64, r-oldrel-windows-x86_64