CRAN Package Check Results for Package BayesPieceHazSelect

Last updated on 2024-07-16 00:55:55 CEST.

Flavor Version Tinstall Tcheck Ttotal Status Flags
r-devel-linux-x86_64-debian-clang 1.1.0 10.25 54.31 64.56 NOTE
r-devel-linux-x86_64-debian-gcc 1.1.0 8.72 38.10 46.82 NOTE
r-devel-linux-x86_64-fedora-clang 1.1.0 79.35 NOTE
r-devel-linux-x86_64-fedora-gcc 1.1.0 76.42 NOTE
r-devel-windows-x86_64 1.1.0 8.00 58.00 66.00 NOTE
r-patched-linux-x86_64 1.1.0 9.65 51.01 60.66 NOTE
r-release-linux-x86_64 1.1.0 8.80 52.54 61.34 NOTE
r-release-macos-arm64 1.1.0 22.00 NOTE
r-release-macos-x86_64 1.1.0 40.00 NOTE
r-release-windows-x86_64 1.1.0 8.00 59.00 67.00 NOTE
r-oldrel-macos-arm64 1.1.0 27.00 NOTE
r-oldrel-macos-x86_64 1.1.0 39.00 NOTE
r-oldrel-windows-x86_64 1.1.0 7.00 65.00 72.00 NOTE

Check Details

Version: 1.1.0
Check: LazyData
Result: NOTE 'LazyData' is specified without a 'data' directory Flavors: r-devel-linux-x86_64-debian-clang, r-devel-linux-x86_64-debian-gcc, r-devel-linux-x86_64-fedora-clang, r-devel-linux-x86_64-fedora-gcc, r-devel-windows-x86_64, r-patched-linux-x86_64, r-release-linux-x86_64, r-release-macos-arm64, r-release-macos-x86_64, r-release-windows-x86_64, r-oldrel-macos-arm64, r-oldrel-macos-x86_64, r-oldrel-windows-x86_64