CRAN Package Check Results for Package BayesReversePLLH

Last updated on 2024-04-24 05:07:05 CEST.

Flavor Version Tinstall Tcheck Ttotal Status Flags
r-devel-linux-x86_64-debian-clang 1.5 39.84 30.93 70.77 NOTE
r-devel-linux-x86_64-debian-gcc 1.5 35.38 24.38 59.76 NOTE
r-devel-linux-x86_64-fedora-clang 1.5 105.62 NOTE
r-devel-linux-x86_64-fedora-gcc 1.5 102.95 NOTE
r-prerel-macos-arm64 1.5 29.00 NOTE
r-prerel-windows-x86_64 1.5 36.00 70.00 106.00 NOTE
r-patched-linux-x86_64 1.5 40.00 29.64 69.64 NOTE
r-release-linux-x86_64 1.5 41.45 29.94 71.39 NOTE
r-release-macos-arm64 1.5 33.00 NOTE
r-release-macos-x86_64 1.5 52.00 NOTE
r-release-windows-x86_64 1.5 44.00 79.00 123.00 NOTE
r-oldrel-macos-arm64 1.5 31.00 OK
r-oldrel-windows-x86_64 1.5 40.00 76.00 116.00 OK

Check Details

Version: 1.5
Check: C++ specification
Result: NOTE Specified C++11: please drop specification unless essential Flavors: r-devel-linux-x86_64-debian-clang, r-devel-linux-x86_64-debian-gcc, r-devel-linux-x86_64-fedora-clang, r-devel-linux-x86_64-fedora-gcc, r-prerel-macos-arm64, r-prerel-windows-x86_64, r-patched-linux-x86_64, r-release-linux-x86_64, r-release-macos-arm64, r-release-macos-x86_64, r-release-windows-x86_64