Last updated on 2023-03-21 07:54:04 CET.
Flavor | Version | Tinstall | Tcheck | Ttotal | Status | Flags |
---|---|---|---|---|---|---|
r-devel-linux-x86_64-debian-clang | 1.5 | NOTE | ||||
r-devel-linux-x86_64-debian-gcc | 1.5 | 32.68 | 24.07 | 56.75 | NOTE | |
r-devel-linux-x86_64-fedora-clang | 1.5 | 110.55 | NOTE | |||
r-devel-linux-x86_64-fedora-gcc | 1.5 | 98.73 | NOTE | |||
r-devel-windows-x86_64 | 1.5 | 94.00 | 84.00 | 178.00 | NOTE | |
r-patched-linux-x86_64 | 1.5 | 31.64 | 31.11 | 62.75 | OK | |
r-release-linux-x86_64 | 1.5 | 32.83 | 30.62 | 63.45 | OK | |
r-release-macos-arm64 | 1.5 | 40.00 | OK | |||
r-release-macos-x86_64 | 1.5 | 42.00 | OK | |||
r-release-windows-x86_64 | 1.5 | 54.00 | 85.00 | 139.00 | OK | |
r-oldrel-macos-arm64 | 1.5 | 41.00 | OK | |||
r-oldrel-macos-x86_64 | 1.5 | 45.00 | OK | |||
r-oldrel-windows-ix86+x86_64 | 1.5 | 101.00 | 101.00 | 202.00 | OK |
Version: 1.5
Check: C++ specification
Result: NOTE
Specified C++11: please drop specification unless essential
Flavors: r-devel-linux-x86_64-debian-clang, r-devel-linux-x86_64-debian-gcc, r-devel-linux-x86_64-fedora-clang, r-devel-linux-x86_64-fedora-gcc, r-devel-windows-x86_64