CRAN Package Check Results for Package BayesSAE

Last updated on 2021-09-21 04:54:54 CEST.

Flavor Version Tinstall Tcheck Ttotal Status Flags
r-devel-linux-x86_64-debian-clang 1.0-2 13.39 33.33 46.72 OK
r-devel-linux-x86_64-debian-gcc 1.0-2 5.88 25.76 31.64 OK
r-devel-linux-x86_64-fedora-clang 1.0-2 63.91 OK
r-devel-linux-x86_64-fedora-gcc 1.0-2 47.57 OK
r-devel-windows-x86_64 1.0-2 11.00 39.00 50.00 OK
r-devel-windows-x86_64-gcc10-UCRT 1.0-2 ERROR
r-patched-linux-x86_64 1.0-2 8.06 32.58 40.64 OK
r-patched-solaris-x86 1.0-2 73.90 OK
r-release-linux-x86_64 1.0-2 7.64 32.18 39.82 OK
r-release-macos-arm64 1.0-2 OK
r-release-macos-x86_64 1.0-2 OK
r-release-windows-ix86+x86_64 1.0-2 21.00 64.00 85.00 OK
r-oldrel-macos-x86_64 1.0-2 OK
r-oldrel-windows-ix86+x86_64 1.0-2 18.00 47.00 65.00 OK

Check Details

Version: 1.0-2
Check: whether package can be installed
Result: ERROR
    Installation failed.
Flavor: r-devel-windows-x86_64-gcc10-UCRT