Last updated on 2023-09-24 21:04:39 CEST.
Flavor | Version | Tinstall | Tcheck | Ttotal | Status | Flags |
---|---|---|---|---|---|---|
r-devel-linux-x86_64-debian-clang | 2.2 | 4.11 | 40.36 | 44.47 | OK | |
r-devel-linux-x86_64-debian-gcc | 2.2 | 3.38 | 30.61 | 33.99 | OK | |
r-devel-linux-x86_64-fedora-clang | 2.2 | 53.88 | NOTE | |||
r-devel-linux-x86_64-fedora-gcc | 2.2 | 55.07 | NOTE | |||
r-devel-windows-x86_64 | 2.2 | 6.00 | 55.00 | 61.00 | OK | |
r-patched-linux-x86_64 | 2.2 | 4.46 | 38.99 | 43.45 | OK | |
r-release-linux-x86_64 | 2.2 | 3.96 | 38.35 | 42.31 | OK | |
r-release-macos-arm64 | 2.2 | 27.00 | OK | |||
r-release-macos-x86_64 | 2.2 | 53.00 | OK | |||
r-release-windows-x86_64 | 2.2 | 5.00 | 53.00 | 58.00 | OK | |
r-oldrel-macos-arm64 | 2.2 | 29.00 | OK | |||
r-oldrel-macos-x86_64 | 2.2 | 35.00 | OK | |||
r-oldrel-windows-x86_64 | 2.2 | 7.00 | 57.00 | 64.00 | OK |
Version: 2.2
Check: data for non-ASCII characters
Result: NOTE
Note: found 42 marked UTF-8 strings
Flavors: r-devel-linux-x86_64-fedora-clang, r-devel-linux-x86_64-fedora-gcc