CRAN Package Check Results for Package BetaPASS

Last updated on 2021-12-01 03:55:21 CET.

Flavor Version Tinstall Tcheck Ttotal Status Flags
r-devel-linux-x86_64-debian-clang 1.1-1 2.44 67.29 69.73 NOTE
r-devel-linux-x86_64-debian-gcc 1.1-1 2.03 53.60 55.63 NOTE
r-devel-linux-x86_64-fedora-clang 1.1-1 94.12 NOTE
r-devel-linux-x86_64-fedora-gcc 1.1-1 87.12 NOTE
r-devel-windows-x86_64-new-UL 1.1-1 7.00 105.00 112.00 NOTE
r-devel-windows-x86_64-new-TK 1.1-1 NOTE
r-devel-windows-x86_64-old 1.1-1 5.00 71.00 76.00 NOTE
r-patched-linux-x86_64 1.1-1 2.31 63.16 65.47 NOTE
r-patched-solaris-x86 1.1-1 73.40 NOTE
r-release-linux-x86_64 1.1-1 2.45 62.84 65.29 NOTE
r-release-macos-arm64 1.1-1 NOTE
r-release-macos-x86_64 1.1-1 NOTE
r-release-windows-ix86+x86_64 1.1-1 7.00 92.00 99.00 NOTE
r-oldrel-macos-x86_64 1.1-1 OK
r-oldrel-windows-ix86+x86_64 1.1-1 4.00 71.00 75.00 OK

Check Details

Version: 1.1-1
Check: LazyData
Result: NOTE
     'LazyData' is specified without a 'data' directory
Flavors: r-devel-linux-x86_64-debian-clang, r-devel-linux-x86_64-debian-gcc, r-devel-linux-x86_64-fedora-clang, r-devel-linux-x86_64-fedora-gcc, r-devel-windows-x86_64-new-UL, r-devel-windows-x86_64-new-TK, r-devel-windows-x86_64-old, r-patched-linux-x86_64, r-patched-solaris-x86, r-release-linux-x86_64, r-release-macos-arm64, r-release-macos-x86_64, r-release-windows-ix86+x86_64