CRAN Package Check Results for Package Biocomb

Last updated on 2023-03-25 23:51:37 CET.

Flavor Version Tinstall Tcheck Ttotal Status Flags
r-devel-linux-x86_64-debian-clang 0.4 61.49 206.92 268.41 NOTE
r-devel-linux-x86_64-debian-gcc 0.4 47.61 155.09 202.70 NOTE
r-devel-linux-x86_64-fedora-gcc 0.4 364.80 NOTE
r-devel-windows-x86_64 0.4 76.00 253.00 329.00 NOTE
r-patched-linux-x86_64 0.4 59.18 197.51 256.69 OK
r-release-linux-x86_64 0.4 53.42 195.44 248.86 OK
r-release-macos-arm64 0.4 83.00 OK
r-release-macos-x86_64 0.4 111.00 OK
r-release-windows-x86_64 0.4 77.00 240.00 317.00 OK
r-oldrel-macos-arm64 0.4 116.00 OK
r-oldrel-macos-x86_64 0.4 145.00 OK
r-oldrel-windows-ix86+x86_64 0.4 139.00 310.00 449.00 OK

Check Details

Version: 0.4
Check: Rd \usage sections
Result: NOTE
    S3 methods shown with full name in documentation object ‘select.cfs’:
     ‘select.cfs’
    
    S3 methods shown with full name in documentation object ‘select.fast.filter’:
     ‘select.fast.filter’
    
    S3 methods shown with full name in documentation object ‘select.forward.Corr’:
     ‘select.forward.Corr’
    
    S3 methods shown with full name in documentation object ‘select.forward.wrapper’:
     ‘select.forward.wrapper’
    
    S3 methods shown with full name in documentation object ‘select.inf.chi2’:
     ‘select.inf.chi2’
    
    S3 methods shown with full name in documentation object ‘select.inf.gain’:
     ‘select.inf.gain’
    
    S3 methods shown with full name in documentation object ‘select.inf.symm’:
     ‘select.inf.symm’
    
    S3 methods shown with full name in documentation object ‘select.process’:
     ‘select.process’
    
    S3 methods shown with full name in documentation object ‘select.relief’:
     ‘select.relief’
    
    The \usage entries for S3 methods should use the \method markup and not
    their full name.
    See chapter ‘Writing R documentation files’ in the ‘Writing R
    Extensions’ manual.
Flavors: r-devel-linux-x86_64-debian-clang, r-devel-linux-x86_64-debian-gcc, r-devel-linux-x86_64-fedora-gcc, r-devel-windows-x86_64