CRAN Package Check Results for Package Bioi

Last updated on 2021-11-30 23:51:33 CET.

Flavor Version Tinstall Tcheck Ttotal Status Flags
r-devel-linux-x86_64-debian-clang 0.2.10 27.34 62.68 90.02 NOTE
r-devel-linux-x86_64-debian-gcc 0.2.10 19.52 54.44 73.96 NOTE
r-devel-linux-x86_64-fedora-clang 0.2.10 132.72 NOTE
r-devel-linux-x86_64-fedora-gcc 0.2.10 120.26 NOTE
r-devel-windows-x86_64-new-UL 0.2.10 43.00 153.00 196.00 NOTE
r-devel-windows-x86_64-new-TK 0.2.10 NOTE
r-devel-windows-x86_64-old 0.2.10 40.00 77.00 117.00 NOTE
r-patched-linux-x86_64 0.2.10 23.68 59.34 83.02 NOTE
r-patched-solaris-x86 0.2.10 135.70 NOTE
r-release-linux-x86_64 0.2.10 26.47 58.53 85.00 NOTE
r-release-macos-arm64 0.2.10 NOTE
r-release-macos-x86_64 0.2.10 NOTE
r-release-windows-ix86+x86_64 0.2.10 70.00 124.00 194.00 NOTE
r-oldrel-macos-x86_64 0.2.10 OK
r-oldrel-windows-ix86+x86_64 0.2.10 53.00 101.00 154.00 OK

Check Details

Version: 0.2.10
Check: LazyData
Result: NOTE
     'LazyData' is specified without a 'data' directory
Flavors: r-devel-linux-x86_64-debian-clang, r-devel-linux-x86_64-debian-gcc, r-devel-linux-x86_64-fedora-clang, r-devel-linux-x86_64-fedora-gcc, r-devel-windows-x86_64-new-UL, r-devel-windows-x86_64-new-TK, r-devel-windows-x86_64-old, r-patched-linux-x86_64, r-patched-solaris-x86, r-release-linux-x86_64, r-release-macos-arm64, r-release-macos-x86_64, r-release-windows-ix86+x86_64