CRAN Package Check Results for Package Bioi

Last updated on 2023-03-23 23:51:45 CET.

Flavor Version Tinstall Tcheck Ttotal Status Flags
r-devel-linux-x86_64-debian-clang 0.2.10 30.36 59.74 90.10 NOTE
r-devel-linux-x86_64-debian-gcc 0.2.10 23.67 45.70 69.37 NOTE
r-devel-linux-x86_64-fedora-clang 0.2.10 127.08 NOTE
r-devel-linux-x86_64-fedora-gcc 0.2.10 125.25 NOTE
r-devel-windows-x86_64 0.2.10 44.00 104.00 148.00 NOTE
r-patched-linux-x86_64 0.2.10 25.69 60.51 86.20 NOTE
r-release-linux-x86_64 0.2.10 25.95 59.82 85.77 NOTE
r-release-macos-arm64 0.2.10 38.00 NOTE
r-release-macos-x86_64 0.2.10 68.00 NOTE
r-release-windows-x86_64 0.2.10 42.00 108.00 150.00 NOTE
r-oldrel-macos-arm64 0.2.10 48.00 NOTE
r-oldrel-macos-x86_64 0.2.10 69.00 NOTE
r-oldrel-windows-ix86+x86_64 0.2.10 75.00 130.00 205.00 NOTE

Check Details

Version: 0.2.10
Check: LazyData
Result: NOTE
     'LazyData' is specified without a 'data' directory
Flavors: r-devel-linux-x86_64-debian-clang, r-devel-linux-x86_64-debian-gcc, r-devel-linux-x86_64-fedora-clang, r-devel-linux-x86_64-fedora-gcc, r-devel-windows-x86_64, r-patched-linux-x86_64, r-release-linux-x86_64, r-release-macos-arm64, r-release-macos-x86_64, r-release-windows-x86_64, r-oldrel-macos-arm64, r-oldrel-macos-x86_64, r-oldrel-windows-ix86+x86_64