CRAN Package Check Results for Package Boruta

Last updated on 2024-06-12 20:58:50 CEST.

Flavor Version Tinstall Tcheck Ttotal Status Flags
r-devel-linux-x86_64-debian-clang 8.0.0 2.03 93.68 95.71 OK
r-devel-linux-x86_64-debian-gcc 8.0.0 2.44 48.22 50.66 ERROR
r-devel-linux-x86_64-fedora-clang 8.0.0 159.11 OK
r-devel-linux-x86_64-fedora-gcc 8.0.0 143.13 OK
r-devel-windows-x86_64 8.0.0 3.00 113.00 116.00 OK
r-patched-linux-x86_64 8.0.0 6.00 94.56 100.56 OK
r-release-linux-x86_64 8.0.0 1.96 91.58 93.54 OK
r-release-macos-arm64 8.0.0 51.00 OK
r-release-macos-x86_64 8.0.0 66.00 OK
r-release-windows-x86_64 8.0.0 3.00 70.00 73.00 FAIL
r-oldrel-macos-arm64 8.0.0 55.00 OK
r-oldrel-macos-x86_64 8.0.0 74.00 OK
r-oldrel-windows-x86_64 8.0.0 5.00 112.00 117.00 OK

Check Details

Version: 8.0.0
Check: package dependencies
Result: NOTE Package suggested but not available for checking: ‘testthat’ Flavor: r-devel-linux-x86_64-debian-gcc

Version: 8.0.0
Check: tests
Result: ERROR Running ‘testthat.R’ [0s/1s] Running the tests in ‘tests/testthat.R’ failed. Complete output: > library(testthat) Error in library(testthat) : there is no package called 'testthat' Execution halted Flavor: r-devel-linux-x86_64-debian-gcc

Version: 8.0.0
Check: re-building of vignette outputs
Result: ERROR Error(s) in re-building vignettes: --- re-building 'inahurry.Rnw' using Sweave Warning in system(paste(shQuote(texi2dvi), if (quiet) "--quiet" else "", : running command '"C:\PROGRA~1\MiKTeX\miktex\bin\x64\texify.exe" --quiet --pdf "inahurry.tex" --max-iterations=20 -I "D:/RCompile/recent/R-4.4.0/share/texmf/tex/latex" -I "D:/RCompile/recent/R-4.4.0/share/texmf/bibtex/bst"' had status 1 --- finished re-building 'inahurry.Rnw' --- re-building 'transdapters.Rnw' using Sweave Warning in is.data.frame(data) : internal error 5 in R_decompress3 Error: processing vignette 'transdapters.Rnw' failed with diagnostics: chunk 2 (label = noopuse) Error in is.data.frame(data) : lazy-load database 'D:/RCompile/recent/R-4.4.0/library/datasets/data/Rdata.rdb' is corrupt --- failed re-building 'transdapters.Rnw' SUMMARY: processing the following file failed: 'transdapters.Rnw' Error: Vignette re-building failed. Execution halted Flavor: r-release-windows-x86_64

Version: 8.0.0
Check: PDF version of manual
Result: WARN LaTeX errors when creating PDF version. This typically indicates Rd problems. Flavor: r-release-windows-x86_64

Version: 8.0.0
Check: PDF version of manual without index
Result: ERROR Re-running with no redirection of stdout/stderr. Flavor: r-release-windows-x86_64

Version: 8.0.0
Check: HTML version of manual
Result: FAIL
Flavor: r-release-windows-x86_64