CRAN Package Check Results for Package BrailleR

Last updated on 2019-05-24 16:47:29 CEST.

Flavor Version Tinstall Tcheck Ttotal Status Flags
r-devel-linux-x86_64-debian-clang 0.29.1 16.66 222.21 238.87 NOTE
r-devel-linux-x86_64-debian-gcc 0.29.1 14.64 166.50 181.14 NOTE
r-devel-linux-x86_64-fedora-clang 0.29.1 294.59 NOTE
r-devel-linux-x86_64-fedora-gcc 0.29.1 292.64 NOTE
r-devel-windows-ix86+x86_64 0.29.1 40.00 233.00 273.00 OK
r-patched-linux-x86_64 0.29.1 16.28 214.23 230.51 NOTE
r-patched-solaris-x86 0.29.1 401.80 NOTE
r-release-linux-x86_64 0.29.1 16.93 219.15 236.08 NOTE
r-release-windows-ix86+x86_64 0.29.1 50.00 301.00 351.00 OK
r-release-osx-x86_64 0.29.1 NOTE
r-oldrel-windows-ix86+x86_64 0.29.1 32.00 287.00 319.00 OK
r-oldrel-osx-x86_64 0.29.1 OK

Check Details

Version: 0.29.1
Check: package dependencies
Result: NOTE
    Package suggested but not available for checking: 'installr'
Flavors: r-devel-linux-x86_64-debian-clang, r-devel-linux-x86_64-debian-gcc, r-devel-linux-x86_64-fedora-clang, r-devel-linux-x86_64-fedora-gcc, r-patched-linux-x86_64, r-patched-solaris-x86, r-release-linux-x86_64, r-release-osx-x86_64