Last updated on 2022-05-22 09:52:12 CEST.
Flavor | Version | Tinstall | Tcheck | Ttotal | Status | Flags |
---|---|---|---|---|---|---|
r-devel-linux-x86_64-debian-clang | 0.2.0 | 10.90 | 85.84 | 96.74 | NOTE | |
r-devel-linux-x86_64-debian-gcc | 0.2.0 | 5.97 | 65.29 | 71.26 | NOTE | |
r-devel-linux-x86_64-fedora-clang | 0.2.0 | 113.17 | NOTE | |||
r-devel-linux-x86_64-fedora-gcc | 0.2.0 | 111.39 | NOTE | |||
r-devel-windows-x86_64 | 0.2.0 | 15.00 | 97.00 | 112.00 | NOTE | |
r-patched-linux-x86_64 | 0.2.0 | 8.78 | 81.82 | 90.60 | NOTE | |
r-release-linux-x86_64 | 0.2.0 | 8.72 | 80.95 | 89.67 | NOTE | |
r-release-macos-arm64 | 0.2.0 | 33.00 | NOTE | |||
r-release-macos-x86_64 | 0.2.0 | 47.00 | NOTE | |||
r-release-windows-x86_64 | 0.2.0 | 16.00 | 99.00 | 115.00 | NOTE | |
r-oldrel-macos-arm64 | 0.2.0 | 37.00 | NOTE | |||
r-oldrel-macos-x86_64 | 0.2.0 | 63.00 | NOTE | |||
r-oldrel-windows-ix86+x86_64 | 0.2.0 | 19.00 | 95.00 | 114.00 | NOTE |
Version: 0.2.0
Check: LazyData
Result: NOTE
'LazyData' is specified without a 'data' directory
Flavors: r-devel-linux-x86_64-debian-clang, r-devel-linux-x86_64-debian-gcc, r-devel-linux-x86_64-fedora-clang, r-devel-linux-x86_64-fedora-gcc, r-devel-windows-x86_64, r-patched-linux-x86_64, r-release-linux-x86_64, r-release-macos-arm64, r-release-macos-x86_64, r-release-windows-x86_64, r-oldrel-macos-arm64, r-oldrel-macos-x86_64, r-oldrel-windows-ix86+x86_64
Version: 0.2.0
Check: Rd cross-references
Result: NOTE
Undeclared package ‘ldatuning’ in Rd xrefs
Flavor: r-devel-linux-x86_64-fedora-clang