CRAN Package Check Results for Package C443

Last updated on 2024-06-15 12:48:15 CEST.

Flavor Version Tinstall Tcheck Ttotal Status Flags
r-devel-linux-x86_64-debian-clang 3.4.0 13.97 110.98 124.95 OK
r-devel-linux-x86_64-debian-gcc 3.4.0 10.01 82.61 92.62 OK
r-devel-linux-x86_64-fedora-clang 3.4.0 157.12 OK
r-devel-linux-x86_64-fedora-gcc 3.4.0 145.07 OK
r-devel-windows-x86_64 3.4.0 12.00 93.00 105.00 OK
r-patched-linux-x86_64 3.4.0 11.06 106.44 117.50 OK
r-release-linux-x86_64 3.4.0 12.57 108.51 121.08 OK
r-release-macos-arm64 3.4.0 45.00 OK
r-release-macos-x86_64 3.4.0 66.00 OK
r-release-windows-x86_64 3.4.0 12.00 90.00 102.00 WARN
r-oldrel-macos-arm64 3.4.0 44.00 OK
r-oldrel-macos-x86_64 3.4.0 101.00 OK
r-oldrel-windows-x86_64 3.4.0 16.00 114.00 130.00 OK

Check Details

Version: 3.4.0
Check: replacement functions
Result: WARN Error: unable to load shared object 'D:/RCompile/CRANpkg/lib/4.4/vctrs/libs/x64/vctrs.dll': LoadLibrary failure: Die Auslagerungsdatei ist zu klein, um diesen Vorgang durchzuf├╝hren. Call sequence: 9: inDL(x, as.logical(local), as.logical(now), ...) 8: dyn.load(file, DLLpath = DLLpath, ...) 7: library.dynam(lib, package, package.lib) 6: loadNamespace(i, c(lib.loc, .libPaths()), versionCheck = vI[[i]]) 5: namespaceImport(ns, loadNamespace(i, c(lib.loc, .libPaths()), versionCheck = vI[[i]]), from = package) 4: loadNamespace(j <- i[[1L]], c(lib.loc, .libPaths()), versionCheck = vI[[j]]) 3: asNamespace(ns) 2: namespaceImportFrom(ns, loadNamespace(j <- i[[1L]], c(lib.loc, .libPaths()), versionCheck = vI[[j]]), i[[2L]], from = package) 1: loadNamespace(package, lib.loc) Execution halted The argument of a replacement function which corresponds to the right hand side must be named 'value'. Flavor: r-release-windows-x86_64

Version: 3.4.0
Check: for code/documentation mismatches
Result: WARN Error: memory exhausted Execution halted Flavor: r-release-windows-x86_64