CRAN Package Check Results for Package CAST

Last updated on 2021-11-28 03:54:02 CET.

Flavor Version Tinstall Tcheck Ttotal Status Flags
r-devel-linux-x86_64-debian-clang 0.5.1 OK
r-devel-linux-x86_64-debian-gcc 0.5.1 12.67 216.84 229.51 OK
r-devel-linux-x86_64-fedora-clang 0.5.1 359.28 OK
r-devel-linux-x86_64-fedora-gcc 0.5.1 348.03 OK
r-devel-windows-x86_64-new-UL 0.5.1 29.00 350.00 379.00 OK
r-devel-windows-x86_64-new-TK 0.5.1 OK
r-devel-windows-x86_64-old 0.5.1 20.00 282.00 302.00 OK
r-patched-linux-x86_64 0.5.1 19.09 277.73 296.82 OK
r-patched-solaris-x86 0.5.1 509.80 NOTE
r-release-linux-x86_64 0.5.1 OK
r-release-macos-arm64 0.5.1 OK
r-release-macos-x86_64 0.5.1 OK
r-release-windows-ix86+x86_64 0.5.1 35.00 331.00 366.00 OK
r-oldrel-macos-x86_64 0.5.1 OK
r-oldrel-windows-ix86+x86_64 0.5.1 37.00 350.00 387.00 OK

Check Details

Version: 0.5.1
Check: installed package size
Result: NOTE
     installed size is 5.1Mb
     sub-directories of 1Mb or more:
     doc 3.3Mb
     extdata 1.6Mb
Flavor: r-patched-solaris-x86