Last updated on 2023-12-07 15:48:13 CET.
Flavor | Version | Tinstall | Tcheck | Ttotal | Status | Flags |
---|---|---|---|---|---|---|
r-devel-linux-x86_64-debian-clang | 0.1 | 63.66 | 39.24 | 102.90 | OK | |
r-devel-linux-x86_64-debian-gcc | 0.1 | 35.84 | 31.07 | 66.91 | OK | |
r-devel-linux-x86_64-fedora-clang | 0.1 | 135.93 | OK | |||
r-devel-linux-x86_64-fedora-gcc | 0.1 | 133.07 | OK | |||
r-devel-windows-x86_64 | 0.1 | 45.00 | 74.00 | 119.00 | OK | |
r-patched-linux-x86_64 | 0.1 | 47.20 | 39.45 | 86.65 | OK | |
r-release-linux-x86_64 | 0.1 | 47.86 | 39.29 | 87.15 | OK | |
r-release-macos-arm64 | 0.1 | 38.00 | NOTE | |||
r-release-macos-x86_64 | 0.1 | 69.00 | NOTE | |||
r-release-windows-x86_64 | 0.1 | 59.00 | 78.00 | 137.00 | OK | |
r-oldrel-macos-arm64 | 0.1 | 37.00 | NOTE | |||
r-oldrel-macos-x86_64 | 0.1 | 49.00 | NOTE | |||
r-oldrel-windows-x86_64 | 0.1 | 52.00 | 75.00 | 127.00 | OK |
Version: 0.1
Check: installed package size
Result: NOTE
installed size is 5.4Mb
sub-directories of 1Mb or more:
libs 5.2Mb
Flavors: r-release-macos-arm64, r-release-macos-x86_64, r-oldrel-macos-arm64, r-oldrel-macos-x86_64