CRAN Package Check Results for Package CDSeq

Last updated on 2021-10-17 20:48:57 CEST.

Flavor Version Tinstall Tcheck Ttotal Status Flags
r-devel-linux-x86_64-debian-clang 1.0.8 65.58 239.62 305.20 OK
r-devel-linux-x86_64-debian-gcc 1.0.8 50.65 182.42 233.07 OK
r-devel-linux-x86_64-fedora-clang 1.0.8 407.33 NOTE
r-devel-linux-x86_64-fedora-gcc 1.0.8 389.08 NOTE
r-devel-windows-x86_64 1.0.8 96.00 332.00 428.00 OK
r-devel-windows-x86_64-gcc10-UCRT 1.0.8 NOTE
r-patched-linux-x86_64 1.0.8 62.55 229.42 291.97 OK
r-patched-solaris-x86 1.0.8 407.90 NOTE
r-release-linux-x86_64 1.0.8 57.37 229.56 286.93 OK
r-release-macos-arm64 1.0.8 NOTE
r-release-macos-x86_64 1.0.8 NOTE
r-release-windows-ix86+x86_64 1.0.8 170.00 449.00 619.00 NOTE
r-oldrel-macos-x86_64 1.0.8 NOTE
r-oldrel-windows-ix86+x86_64 1.0.8 130.00 9.00 139.00 ERROR

Check Details

Version: 1.0.8
Check: dependencies in R code
Result: NOTE
    Namespaces in Imports field not imported from:
     ‘ggpubr’ ‘matrixStats’ ‘qlcMatrix’
     All declared Imports should be used.
Flavors: r-devel-linux-x86_64-fedora-clang, r-devel-linux-x86_64-fedora-gcc, r-devel-windows-x86_64-gcc10-UCRT, r-patched-solaris-x86, r-release-macos-arm64, r-release-macos-x86_64, r-oldrel-macos-x86_64

Version: 1.0.8
Check: installed package size
Result: NOTE
     installed size is 5.6Mb
     sub-directories of 1Mb or more:
     doc 2.4Mb
     libs 1.9Mb
Flavors: r-release-macos-arm64, r-release-macos-x86_64, r-release-windows-ix86+x86_64, r-oldrel-macos-x86_64

Version: 1.0.8
Check: whether package can be installed
Result: ERROR
    Installation failed.
Flavor: r-oldrel-windows-ix86+x86_64