Last updated on 2023-03-30 20:49:06 CEST.
Flavor | Version | Tinstall | Tcheck | Ttotal | Status | Flags |
---|---|---|---|---|---|---|
r-devel-linux-x86_64-debian-clang | 2.1.0 | 257.46 | 95.07 | 352.53 | OK | |
r-devel-linux-x86_64-debian-gcc | 2.1.0 | 220.86 | 79.55 | 300.41 | OK | |
r-devel-linux-x86_64-fedora-clang | 2.1.0 | 465.30 | OK | |||
r-devel-linux-x86_64-fedora-gcc | 2.1.0 | 504.69 | OK | |||
r-devel-windows-x86_64 | 2.1.0 | 198.00 | 160.00 | 358.00 | OK | |
r-patched-linux-x86_64 | 2.1.0 | 194.53 | 98.66 | 293.19 | OK | |
r-release-linux-x86_64 | 2.1.0 | 195.80 | 92.64 | 288.44 | OK | |
r-release-macos-arm64 | 2.1.0 | 96.00 | NOTE | |||
r-release-macos-x86_64 | 2.1.0 | 146.00 | NOTE | |||
r-release-windows-x86_64 | 2.1.0 | 228.00 | 166.00 | 394.00 | OK | |
r-oldrel-macos-arm64 | 2.1.0 | 95.00 | NOTE | |||
r-oldrel-macos-x86_64 | 2.1.0 | 148.00 | NOTE | |||
r-oldrel-windows-ix86+x86_64 | 2.1.0 | 626.00 | 173.00 | 799.00 | OK |
Version: 2.1.0
Check: installed package size
Result: NOTE
installed size is 23.3Mb
sub-directories of 1Mb or more:
libs 23.1Mb
Flavors: r-release-macos-arm64, r-release-macos-x86_64, r-oldrel-macos-arm64, r-oldrel-macos-x86_64