CRAN Package Check Results for Package CDatanet

Last updated on 2021-11-29 15:51:07 CET.

Flavor Version Tinstall Tcheck Ttotal Status Flags
r-devel-linux-x86_64-debian-clang 0.0.1 96.92 109.04 205.96 NOTE
r-devel-linux-x86_64-debian-gcc 0.0.1 70.55 82.33 152.88 NOTE
r-devel-linux-x86_64-fedora-clang 0.0.1 286.78 NOTE
r-devel-linux-x86_64-fedora-gcc 0.0.1 274.24 NOTE
r-devel-windows-x86_64-new-UL 0.0.1 128.00 203.00 331.00 NOTE
r-devel-windows-x86_64-new-TK 0.0.1 NOTE
r-devel-windows-x86_64-old 0.0.1 116.00 106.00 222.00 NOTE
r-patched-linux-x86_64 0.0.1 62.97 96.30 159.27 NOTE
r-patched-solaris-x86 0.0.1 247.50 NOTE
r-release-linux-x86_64 0.0.1 83.47 95.58 179.05 NOTE
r-release-macos-arm64 0.0.1 NOTE
r-release-macos-x86_64 0.0.1 NOTE
r-release-windows-ix86+x86_64 0.0.1 229.00 174.00 403.00 NOTE
r-oldrel-macos-x86_64 0.0.1 NOTE
r-oldrel-windows-ix86+x86_64 0.0.1 167.00 143.00 310.00 OK

Check Details

Version: 0.0.1
Check: LazyData
Result: NOTE
     'LazyData' is specified without a 'data' directory
Flavors: r-devel-linux-x86_64-debian-clang, r-devel-linux-x86_64-debian-gcc, r-devel-linux-x86_64-fedora-clang, r-devel-linux-x86_64-fedora-gcc, r-devel-windows-x86_64-new-UL, r-devel-windows-x86_64-new-TK, r-devel-windows-x86_64-old, r-patched-linux-x86_64, r-patched-solaris-x86, r-release-linux-x86_64, r-release-macos-arm64, r-release-macos-x86_64, r-release-windows-ix86+x86_64

Version: 0.0.1
Check: installed package size
Result: NOTE
     installed size is 6.7Mb
     sub-directories of 1Mb or more:
     libs 5.8Mb
Flavors: r-devel-linux-x86_64-fedora-clang, r-release-macos-arm64, r-release-macos-x86_64, r-oldrel-macos-x86_64

Version: 0.0.1
Check: dependencies in R code
Result: NOTE
    Namespace in Imports field not imported from: ‘formula.tools’
     All declared Imports should be used.
Flavors: r-devel-linux-x86_64-fedora-clang, r-devel-linux-x86_64-fedora-gcc, r-devel-windows-x86_64-new-TK, r-patched-solaris-x86, r-release-macos-arm64, r-release-macos-x86_64, r-oldrel-macos-x86_64