CRAN Package Check Results for Package CEC

Last updated on 2023-09-26 17:09:13 CEST.

Flavor Version Tinstall Tcheck Ttotal Status Flags
r-devel-linux-x86_64-debian-clang 0.11.0 31.38 37.51 68.89 NOTE
r-devel-linux-x86_64-debian-gcc 0.11.0 23.24 28.70 51.94 NOTE
r-devel-linux-x86_64-fedora-clang 0.11.0 96.01 NOTE
r-devel-linux-x86_64-fedora-gcc 0.11.0 91.39 NOTE
r-devel-windows-x86_64 0.11.0 28.00 77.00 105.00 NOTE
r-patched-linux-x86_64 0.11.0 32.90 35.84 68.74 NOTE
r-release-linux-x86_64 0.11.0 33.20 35.88 69.08 NOTE
r-release-macos-arm64 0.11.0 29.00 NOTE
r-release-macos-x86_64 0.11.0 49.00 NOTE
r-release-windows-x86_64 0.11.0 34.00 94.00 128.00 NOTE
r-oldrel-macos-arm64 0.11.0 26.00 OK
r-oldrel-macos-x86_64 0.11.0 39.00 OK
r-oldrel-windows-x86_64 0.11.0 37.00 101.00 138.00 OK

Check Details

Version: 0.11.0
Check: C++ specification
Result: NOTE
     Specified C++11: please drop specification unless essential
Flavors: r-devel-linux-x86_64-debian-clang, r-devel-linux-x86_64-debian-gcc, r-devel-linux-x86_64-fedora-clang, r-devel-linux-x86_64-fedora-gcc, r-devel-windows-x86_64, r-patched-linux-x86_64, r-release-linux-x86_64, r-release-macos-arm64, r-release-macos-x86_64, r-release-windows-x86_64