Last updated on 2023-03-25 19:53:59 CET.
Flavor | Version | Tinstall | Tcheck | Ttotal | Status | Flags |
---|---|---|---|---|---|---|
r-devel-linux-x86_64-debian-clang | 1.0.3 | 46.35 | 244.02 | 290.37 | NOTE | |
r-devel-linux-x86_64-debian-gcc | 1.0.3 | 32.78 | 179.33 | 212.11 | NOTE | |
r-devel-linux-x86_64-fedora-gcc | 1.0.3 | 356.00 | NOTE | |||
r-devel-windows-x86_64 | 1.0.3 | 59.00 | 372.00 | 431.00 | NOTE | |
r-patched-linux-x86_64 | 1.0.3 | 34.89 | 234.72 | 269.61 | OK | |
r-release-linux-x86_64 | 1.0.3 | 33.34 | 235.45 | 268.79 | OK | |
r-release-macos-arm64 | 1.0.3 | 88.00 | OK | |||
r-release-macos-x86_64 | 1.0.3 | 133.00 | OK | |||
r-release-windows-x86_64 | 1.0.3 | 58.00 | 358.00 | 416.00 | OK | |
r-oldrel-macos-arm64 | 1.0.3 | 108.00 | OK | |||
r-oldrel-macos-x86_64 | 1.0.3 | 177.00 | OK | |||
r-oldrel-windows-ix86+x86_64 | 1.0.3 | 96.00 | 562.00 | 658.00 | OK |
Version: 1.0.3
Check: C++ specification
Result: NOTE
Specified C++11: please drop specification unless essential
Flavors: r-devel-linux-x86_64-debian-clang, r-devel-linux-x86_64-debian-gcc, r-devel-linux-x86_64-fedora-gcc, r-devel-windows-x86_64