CRAN Package Check Results for Package CHsharp

Last updated on 2021-09-21 04:54:57 CEST.

Flavor Version Tinstall Tcheck Ttotal Status Flags
r-devel-linux-x86_64-debian-clang 0.4 2.83 24.52 27.35 OK
r-devel-linux-x86_64-debian-gcc 0.4 2.13 19.35 21.48 OK
r-devel-linux-x86_64-fedora-clang 0.4 42.82 NOTE
r-devel-linux-x86_64-fedora-gcc 0.4 32.50 NOTE
r-devel-windows-x86_64 0.4 5.00 33.00 38.00 OK
r-devel-windows-x86_64-gcc10-UCRT 0.4 ERROR
r-patched-linux-x86_64 0.4 2.82 23.90 26.72 OK
r-patched-solaris-x86 0.4 51.00 OK
r-release-linux-x86_64 0.4 2.42 23.53 25.95 OK
r-release-macos-arm64 0.4 OK
r-release-macos-x86_64 0.4 OK
r-release-windows-ix86+x86_64 0.4 9.00 50.00 59.00 OK
r-oldrel-macos-x86_64 0.4 OK
r-oldrel-windows-ix86+x86_64 0.4 9.00 40.00 49.00 OK

Check Details

Version: 0.4
Check: compiled code
Result: NOTE
    File ‘CHsharp/libs/CHsharp.so’:
     Found no calls to: ‘R_registerRoutines’, ‘R_useDynamicSymbols’
    
    It is good practice to register native routines and to disable symbol
    search.
    
    See ‘Writing portable packages’ in the ‘Writing R Extensions’ manual.
Flavors: r-devel-linux-x86_64-fedora-clang, r-devel-linux-x86_64-fedora-gcc

Version: 0.4
Check: whether package can be installed
Result: ERROR
    Installation failed.
Flavor: r-devel-windows-x86_64-gcc10-UCRT