Last updated on 2023-06-03 04:55:46 CEST.
Flavor | Version | Tinstall | Tcheck | Ttotal | Status | Flags |
---|---|---|---|---|---|---|
r-devel-linux-x86_64-debian-clang | 1.2.0 | 19.77 | 150.02 | 169.79 | OK | |
r-devel-linux-x86_64-debian-gcc | 1.2.0 | 15.13 | 110.21 | 125.34 | OK | |
r-devel-linux-x86_64-fedora-clang | 1.2.0 | 210.25 | NOTE | |||
r-devel-linux-x86_64-fedora-gcc | 1.2.0 | 194.27 | NOTE | |||
r-devel-windows-x86_64 | 1.2.0 | 18.00 | 131.00 | 149.00 | OK | |
r-patched-linux-x86_64 | 1.2.0 | OK | ||||
r-release-linux-x86_64 | 1.2.0 | 17.56 | 137.04 | 154.60 | OK | |
r-release-macos-arm64 | 1.2.0 | 60.00 | OK | |||
r-release-macos-x86_64 | 1.2.0 | 95.00 | OK | |||
r-release-windows-x86_64 | 1.2.0 | 23.00 | 153.00 | 176.00 | OK | |
r-oldrel-macos-arm64 | 1.2.0 | 59.00 | NOTE | |||
r-oldrel-macos-x86_64 | 1.2.0 | 82.00 | NOTE | |||
r-oldrel-windows-x86_64 | 1.2.0 | 23.00 | 152.00 | 175.00 | OK |
Version: 1.2.0
Check: dependencies in R code
Result: NOTE
Namespace in Imports field not imported from: ‘magrittr’
All declared Imports should be used.
Flavors: r-devel-linux-x86_64-fedora-clang, r-devel-linux-x86_64-fedora-gcc, r-oldrel-macos-arm64, r-oldrel-macos-x86_64