CRAN Package Check Results for Package CINNA

Last updated on 2021-10-17 01:50:58 CEST.

Flavor Version Tinstall Tcheck Ttotal Status Flags
r-devel-linux-x86_64-debian-clang 1.1.54 12.83 150.34 163.17 OK
r-devel-linux-x86_64-debian-gcc 1.1.54 11.92 113.00 124.92 OK
r-devel-linux-x86_64-fedora-clang 1.1.54 208.45 NOTE
r-devel-linux-x86_64-fedora-gcc 1.1.54 201.02 NOTE
r-devel-windows-x86_64 1.1.54 26.00 161.00 187.00 OK
r-devel-windows-x86_64-gcc10-UCRT 1.1.54 NOTE
r-patched-linux-x86_64 1.1.54 13.88 143.50 157.38 OK
r-patched-solaris-x86 1.1.54 226.90 NOTE
r-release-linux-x86_64 1.1.54 13.54 142.73 156.27 OK
r-release-macos-arm64 1.1.54 NOTE
r-release-macos-x86_64 1.1.54 NOTE
r-release-windows-ix86+x86_64 1.1.54 36.00 180.00 216.00 OK
r-oldrel-macos-x86_64 1.1.54 NOTE
r-oldrel-windows-ix86+x86_64 1.1.54 36.00 180.00 216.00 OK

Check Details

Version: 1.1.54
Check: dependencies in R code
Result: NOTE
    Namespace in Imports field not imported from: ‘circlize’
     All declared Imports should be used.
Flavors: r-devel-linux-x86_64-fedora-clang, r-devel-linux-x86_64-fedora-gcc, r-devel-windows-x86_64-gcc10-UCRT, r-patched-solaris-x86, r-release-macos-arm64, r-release-macos-x86_64, r-oldrel-macos-x86_64