Last updated on 2023-05-28 20:57:42 CEST.
Flavor | Version | Tinstall | Tcheck | Ttotal | Status | Flags |
---|---|---|---|---|---|---|
r-devel-linux-x86_64-debian-clang | 2.0-12 | 17.77 | 126.33 | 144.10 | NOTE | |
r-devel-linux-x86_64-debian-gcc | 2.0-12 | 11.15 | 98.69 | 109.84 | NOTE | |
r-devel-linux-x86_64-fedora-clang | 2.0-12 | 180.56 | NOTE | |||
r-devel-linux-x86_64-fedora-gcc | 2.0-12 | 183.50 | NOTE | |||
r-devel-windows-x86_64 | 2.0-12 | 13.00 | 118.00 | 131.00 | NOTE | |
r-patched-linux-x86_64 | 2.0-12 | 14.42 | 124.67 | 139.09 | NOTE | |
r-release-linux-x86_64 | 2.0-12 | 14.78 | 123.82 | 138.60 | NOTE | |
r-release-macos-arm64 | 2.0-12 | 56.00 | NOTE | |||
r-release-macos-x86_64 | 2.0-12 | 92.00 | NOTE | |||
r-release-windows-x86_64 | 2.0-12 | 17.00 | 141.00 | 158.00 | NOTE | |
r-oldrel-macos-arm64 | 2.0-12 | 50.00 | OK | |||
r-oldrel-macos-x86_64 | 2.0-12 | 85.00 | OK | |||
r-oldrel-windows-x86_64 | 2.0-12 | 17.00 | 139.00 | 156.00 | OK |
Version: 2.0-12
Check: Rd files
Result: NOTE
checkRd: (-1) clme.Rd:84: Escaped LaTeX specials: \&
Flavors: r-devel-linux-x86_64-debian-clang, r-devel-linux-x86_64-debian-gcc, r-devel-linux-x86_64-fedora-clang, r-devel-linux-x86_64-fedora-gcc, r-devel-windows-x86_64, r-patched-linux-x86_64, r-release-linux-x86_64, r-release-macos-arm64, r-release-macos-x86_64, r-release-windows-x86_64