CRAN Package Check Results for Package CORM

Last updated on 2021-10-16 13:03:52 CEST.

Flavor Version Tinstall Tcheck Ttotal Status Flags
r-devel-linux-x86_64-debian-clang 1.0.2 5.74 49.78 55.52 NOTE
r-devel-linux-x86_64-debian-gcc 1.0.2 3.39 37.38 40.77 NOTE
r-devel-linux-x86_64-fedora-clang 1.0.2 74.73 NOTE
r-devel-linux-x86_64-fedora-gcc 1.0.2 64.58 NOTE
r-devel-windows-x86_64 1.0.2 8.00 61.00 69.00 NOTE
r-devel-windows-x86_64-gcc10-UCRT 1.0.2 NOTE
r-patched-linux-x86_64 1.0.2 5.06 47.94 53.00 NOTE
r-patched-solaris-x86 1.0.2 93.30 NOTE
r-release-linux-x86_64 1.0.2 4.67 48.31 52.98 NOTE
r-release-macos-arm64 1.0.2 NOTE
r-release-macos-x86_64 1.0.2 NOTE
r-release-windows-ix86+x86_64 1.0.2 10.00 69.00 79.00 NOTE
r-oldrel-macos-x86_64 1.0.2 NOTE
r-oldrel-windows-ix86+x86_64 1.0.2 10.00 75.00 85.00 NOTE

Check Details

Version: 1.0.2
Check: R code for possible problems
Result: NOTE
    compute.llh: no visible global function definition for 'dnorm'
    compute.u.hat.simple: no visible global function definition for 'dnorm'
    fit.CLM.1u.simple.start: no visible global function definition for
     'kmeans'
    fit.CLMM.simple.start: no visible global function definition for
     'kmeans'
    fit.CLMM.simple.start.NA: no visible global function definition for
     'kmeans'
    Undefined global functions or variables:
     dnorm kmeans
    Consider adding
     importFrom("stats", "dnorm", "kmeans")
    to your NAMESPACE file.
Flavors: r-devel-linux-x86_64-debian-clang, r-devel-linux-x86_64-debian-gcc, r-devel-linux-x86_64-fedora-clang, r-devel-linux-x86_64-fedora-gcc, r-devel-windows-x86_64, r-devel-windows-x86_64-gcc10-UCRT, r-patched-linux-x86_64, r-patched-solaris-x86, r-release-linux-x86_64, r-release-macos-arm64, r-release-macos-x86_64, r-release-windows-ix86+x86_64, r-oldrel-macos-x86_64, r-oldrel-windows-ix86+x86_64