CRAN Package Check Results for Package COUSCOus

Last updated on 2022-01-26 23:50:14 CET.

Flavor Version Tinstall Tcheck Ttotal Status Flags
r-devel-linux-x86_64-debian-clang 1.0.0 4.27 41.76 46.03 OK
r-devel-linux-x86_64-debian-gcc 1.0.0 3.34 32.92 36.26 OK
r-devel-linux-x86_64-fedora-clang 1.0.0 61.28 NOTE
r-devel-linux-x86_64-fedora-gcc 1.0.0 48.10 NOTE
r-devel-windows-x86_64-new-UL 1.0.0 41.00 62.00 103.00 OK
r-devel-windows-x86_64-new-TK 1.0.0 OK
r-patched-linux-x86_64 1.0.0 3.44 39.90 43.34 OK
r-release-linux-x86_64 1.0.0 3.73 40.71 44.44 OK
r-release-macos-arm64 1.0.0 OK
r-release-macos-x86_64 1.0.0 OK
r-release-windows-ix86+x86_64 1.0.0 14.00 65.00 79.00 OK
r-oldrel-macos-x86_64 1.0.0 OK
r-oldrel-windows-ix86+x86_64 1.0.0 14.00 64.00 78.00 OK

Check Details

Version: 1.0.0
Check: compiled code
Result: NOTE
    File ‘COUSCOus/libs/COUSCOus.so’:
     Found no calls to: ‘R_registerRoutines’, ‘R_useDynamicSymbols’
    
    It is good practice to register native routines and to disable symbol
    search.
    
    See ‘Writing portable packages’ in the ‘Writing R Extensions’ manual.
Flavors: r-devel-linux-x86_64-fedora-clang, r-devel-linux-x86_64-fedora-gcc