CRAN Package Check Results for Package CPP

Last updated on 2021-10-22 16:50:31 CEST.

Flavor Version Tinstall Tcheck Ttotal Status Flags
r-devel-linux-x86_64-debian-clang 0.1.0 6.83 76.47 83.30 NOTE
r-devel-linux-x86_64-debian-gcc 0.1.0 5.81 57.34 63.15 NOTE
r-devel-linux-x86_64-fedora-clang 0.1.0 110.65 NOTE
r-devel-linux-x86_64-fedora-gcc 0.1.0 99.85 NOTE
r-devel-windows-x86_64 0.1.0 11.00 83.00 94.00 NOTE
r-devel-windows-x86_64-gcc10-UCRT 0.1.0 NOTE
r-patched-linux-x86_64 0.1.0 7.22 74.07 81.29 NOTE
r-patched-solaris-x86 0.1.0 127.90 NOTE
r-release-linux-x86_64 0.1.0 6.64 73.64 80.28 NOTE
r-release-macos-arm64 0.1.0 NOTE
r-release-macos-x86_64 0.1.0 NOTE
r-release-windows-ix86+x86_64 0.1.0 13.00 97.00 110.00 NOTE
r-oldrel-macos-x86_64 0.1.0 OK
r-oldrel-windows-ix86+x86_64 0.1.0 17.00 98.00 115.00 OK

Check Details

Version: 0.1.0
Check: LazyData
Result: NOTE
     'LazyData' is specified without a 'data' directory
Flavors: r-devel-linux-x86_64-debian-clang, r-devel-linux-x86_64-debian-gcc, r-devel-linux-x86_64-fedora-clang, r-devel-linux-x86_64-fedora-gcc, r-devel-windows-x86_64, r-devel-windows-x86_64-gcc10-UCRT, r-patched-linux-x86_64, r-patched-solaris-x86, r-release-linux-x86_64, r-release-macos-arm64, r-release-macos-x86_64, r-release-windows-ix86+x86_64