Last updated on 2023-10-02 17:01:34 CEST.
Flavor | Version | Tinstall | Tcheck | Ttotal | Status | Flags |
---|---|---|---|---|---|---|
r-devel-linux-x86_64-debian-clang | 1.0.0 | 7.87 | 62.81 | 70.68 | OK | |
r-devel-linux-x86_64-debian-gcc | 1.0.0 | 7.10 | 45.30 | 52.40 | OK | |
r-devel-linux-x86_64-fedora-clang | 1.0.0 | 85.96 | NOTE | |||
r-devel-linux-x86_64-fedora-gcc | 1.0.0 | 82.12 | NOTE | |||
r-devel-windows-x86_64 | 1.0.0 | 8.00 | 63.00 | 71.00 | OK | |
r-patched-linux-x86_64 | 1.0.0 | 8.41 | 56.39 | 64.80 | OK | |
r-release-linux-x86_64 | 1.0.0 | 7.88 | 55.92 | 63.80 | OK | |
r-release-macos-arm64 | 1.0.0 | 31.00 | OK | |||
r-release-macos-x86_64 | 1.0.0 | 43.00 | OK | |||
r-release-windows-x86_64 | 1.0.0 | 12.00 | 67.00 | 79.00 | OK | |
r-oldrel-macos-arm64 | 1.0.0 | 34.00 | NOTE | |||
r-oldrel-macos-x86_64 | 1.0.0 | 59.00 | NOTE | |||
r-oldrel-windows-x86_64 | 1.0.0 | 12.00 | 93.00 | 105.00 | OK |
Version: 1.0.0
Check: data for non-ASCII characters
Result: NOTE
Note: found 11 marked Latin-1 strings
Note: found 57 marked UTF-8 strings
Flavors: r-devel-linux-x86_64-fedora-clang, r-devel-linux-x86_64-fedora-gcc, r-oldrel-macos-arm64, r-oldrel-macos-x86_64