Last updated on 2023-12-02 11:49:23 CET.
Flavor | Version | Tinstall | Tcheck | Ttotal | Status | Flags |
---|---|---|---|---|---|---|
r-devel-linux-x86_64-debian-clang | 0.2.4 | 12.36 | 571.38 | 583.74 | NOTE | |
r-devel-linux-x86_64-debian-gcc | 0.2.4 | 10.40 | 385.95 | 396.35 | NOTE | |
r-devel-linux-x86_64-fedora-clang | 0.2.4 | 696.38 | OK | |||
r-devel-linux-x86_64-fedora-gcc | 0.2.4 | 643.23 | OK | |||
r-devel-windows-x86_64 | 0.2.4 | 13.00 | 250.00 | 263.00 | OK | |
r-patched-linux-x86_64 | 0.2.4 | 13.24 | 515.69 | 528.93 | OK | |
r-release-linux-x86_64 | 0.2.4 | 12.03 | 527.39 | 539.42 | OK | |
r-release-macos-arm64 | 0.2.4 | 130.00 | OK | |||
r-release-macos-x86_64 | 0.2.4 | 402.00 | OK | |||
r-release-windows-x86_64 | 0.2.4 | 15.00 | 306.00 | 321.00 | OK | |
r-oldrel-macos-arm64 | 0.2.4 | 124.00 | OK | |||
r-oldrel-macos-x86_64 | 0.2.4 | 213.00 | OK | |||
r-oldrel-windows-x86_64 | 0.2.4 | 15.00 | 298.00 | 313.00 | OK |
Version: 0.2.4
Check: Rd files
Result: NOTE
checkRd: (-1) generate_cre_dataset.Rd:25: Lost braces; missing escapes or markup?
25 | \item{n_rules}{The number of causal rules. (default: 2, range: {1,2,3,4}).}
| ^
Flavors: r-devel-linux-x86_64-debian-clang, r-devel-linux-x86_64-debian-gcc