Last updated on 2023-06-03 04:55:47 CEST.
Flavor | Version | Tinstall | Tcheck | Ttotal | Status | Flags |
---|---|---|---|---|---|---|
r-devel-linux-x86_64-debian-clang | 0.1.2 | 23.06 | 317.92 | 340.98 | OK | |
r-devel-linux-x86_64-debian-gcc | 0.1.2 | 17.95 | 245.40 | 263.35 | OK | |
r-devel-linux-x86_64-fedora-clang | 0.1.2 | 1.47 | ERROR | |||
r-devel-linux-x86_64-fedora-gcc | 0.1.2 | 440.82 | OK | |||
r-devel-windows-x86_64 | 0.1.2 | 21.00 | 230.00 | 251.00 | OK | |
r-patched-linux-x86_64 | 0.1.2 | OK | ||||
r-release-linux-x86_64 | 0.1.2 | 17.86 | 305.22 | 323.08 | OK | |
r-release-macos-arm64 | 0.1.2 | 108.00 | OK | |||
r-release-macos-x86_64 | 0.1.2 | 187.00 | OK | |||
r-release-windows-x86_64 | 0.1.2 | 25.00 | 302.00 | 327.00 | OK | |
r-oldrel-macos-arm64 | 0.1.2 | 119.00 | OK | |||
r-oldrel-macos-x86_64 | 0.1.2 | 136.00 | OK | |||
r-oldrel-windows-x86_64 | 0.1.2 | 25.00 | 316.00 | 341.00 | OK |
Version: 0.1.2
Check: package dependencies
Result: ERROR
Package required but not available: ‘riskRegression’
See section ‘The DESCRIPTION file’ in the ‘Writing R Extensions’
manual.
Flavor: r-devel-linux-x86_64-fedora-clang