CRAN Package Check Results for Package CSGo

Last updated on 2024-07-16 04:56:05 CEST.

Flavor Version Tinstall Tcheck Ttotal Status Flags
r-devel-linux-x86_64-debian-clang 0.6.7 1.76 31.74 33.50 OK
r-devel-linux-x86_64-debian-gcc 0.6.7 1.61 24.52 26.13 OK
r-devel-linux-x86_64-fedora-clang 0.6.7 44.48 NOTE
r-devel-linux-x86_64-fedora-gcc 0.6.7 54.61 NOTE
r-devel-windows-x86_64 0.6.7 3.00 50.00 53.00 OK
r-patched-linux-x86_64 0.6.7 2.55 29.76 32.31 OK
r-release-linux-x86_64 0.6.7 2.12 29.77 31.89 OK
r-release-macos-arm64 0.6.7 25.00 OK
r-release-macos-x86_64 0.6.7 35.00 OK
r-release-windows-x86_64 0.6.7 4.00 49.00 53.00 OK
r-oldrel-macos-arm64 0.6.7 30.00 OK
r-oldrel-macos-x86_64 0.6.7 35.00 OK
r-oldrel-windows-x86_64 0.6.7 4.00 51.00 55.00 OK

Check Details

Version: 0.6.7
Check: dependencies in R code
Result: NOTE Namespaces in Imports field not imported from: ‘extrafont’ ‘future’ All declared Imports should be used. Flavors: r-devel-linux-x86_64-fedora-clang, r-devel-linux-x86_64-fedora-gcc