CRAN Package Check Results for Package CSGo

Last updated on 2023-09-21 20:54:42 CEST.

Flavor Version Tinstall Tcheck Ttotal Status Flags
r-devel-linux-x86_64-debian-clang 0.6.7 2.28 28.77 31.05 OK
r-devel-linux-x86_64-debian-gcc 0.6.7 1.94 22.35 24.29 OK
r-devel-linux-x86_64-fedora-clang 0.6.7 40.26 NOTE
r-devel-linux-x86_64-fedora-gcc 0.6.7 50.16 NOTE
r-devel-windows-x86_64 0.6.7 4.00 48.00 52.00 OK
r-patched-linux-x86_64 0.6.7 2.97 27.66 30.63 OK
r-release-linux-x86_64 0.6.7 2.80 27.79 30.59 OK
r-release-macos-arm64 0.6.7 30.00 OK
r-release-macos-x86_64 0.6.7 35.00 OK
r-release-windows-x86_64 0.6.7 5.00 48.00 53.00 OK
r-oldrel-macos-arm64 0.6.7 21.00 NOTE
r-oldrel-macos-x86_64 0.6.7 34.00 NOTE
r-oldrel-windows-x86_64 0.6.7 5.00 54.00 59.00 OK

Check Details

Version: 0.6.7
Check: dependencies in R code
Result: NOTE
    Namespaces in Imports field not imported from:
     ‘extrafont’ ‘future’
     All declared Imports should be used.
Flavors: r-devel-linux-x86_64-fedora-clang, r-devel-linux-x86_64-fedora-gcc, r-oldrel-macos-arm64, r-oldrel-macos-x86_64