CRAN Package Check Results for Package CSHShydRology

Last updated on 2024-07-16 00:55:57 CEST.

Flavor Version Tinstall Tcheck Ttotal Status Flags
r-devel-linux-x86_64-debian-clang 1.4.0 45.00 521.64 566.64 NOTE
r-devel-linux-x86_64-debian-gcc 1.4.0 39.50 357.02 396.52 NOTE
r-devel-linux-x86_64-fedora-clang 1.4.0 674.00 NOTE
r-devel-linux-x86_64-fedora-gcc 1.4.0 643.65 NOTE
r-devel-windows-x86_64 1.4.0 36.00 333.00 369.00 NOTE
r-patched-linux-x86_64 1.4.0 43.24 496.54 539.78 NOTE
r-release-linux-x86_64 1.4.0 27.69 494.73 522.42 NOTE
r-release-macos-arm64 1.4.0 139.00 NOTE
r-release-macos-x86_64 1.4.0 241.00 NOTE
r-release-windows-x86_64 1.4.0 35.00 327.00 362.00 NOTE
r-oldrel-macos-arm64 1.4.0 177.00 OK
r-oldrel-macos-x86_64 1.4.0 292.00 OK
r-oldrel-windows-x86_64 1.4.0 49.00 453.00 502.00 OK

Additional issues

donttest

Check Details

Version: 1.4.0
Check: Rd files
Result: NOTE checkRd: (-1) ch_tr_sign.Rd:15: Lost braces; missing escapes or markup? 15 | {x} {an array of indices 1, 2, 3} | ^ checkRd: (-1) ch_tr_signif.Rd:15: Lost braces; missing escapes or markup? 15 | {x} {an array of indices 1 and 2, where 1 is NS and 2 is significant} | ^ Flavors: r-devel-linux-x86_64-debian-clang, r-devel-linux-x86_64-debian-gcc, r-devel-linux-x86_64-fedora-clang, r-devel-linux-x86_64-fedora-gcc, r-devel-windows-x86_64, r-patched-linux-x86_64, r-release-linux-x86_64, r-release-macos-arm64, r-release-macos-x86_64, r-release-windows-x86_64

Version: 1.4.0
Check: data for non-ASCII characters
Result: NOTE Note: found 282 marked UTF-8 strings Flavors: r-devel-linux-x86_64-fedora-clang, r-devel-linux-x86_64-fedora-gcc