Last updated on 2023-09-28 20:56:42 CEST.
Flavor | Version | Tinstall | Tcheck | Ttotal | Status | Flags |
---|---|---|---|---|---|---|
r-devel-linux-x86_64-debian-clang | 1.4.0 | 53.36 | 495.95 | 549.31 | OK | |
r-devel-linux-x86_64-debian-gcc | 1.4.0 | 35.69 | 354.70 | 390.39 | OK | |
r-devel-linux-x86_64-fedora-clang | 1.4.0 | 637.80 | NOTE | |||
r-devel-linux-x86_64-fedora-gcc | 1.4.0 | 680.05 | NOTE | |||
r-devel-windows-x86_64 | 1.4.0 | 37.00 | 337.00 | 374.00 | OK | |
r-patched-linux-x86_64 | 1.4.0 | 29.63 | 469.13 | 498.76 | OK | |
r-release-linux-x86_64 | 1.4.0 | 29.50 | 468.77 | 498.27 | OK | |
r-release-macos-arm64 | 1.4.0 | 177.00 | OK | |||
r-release-macos-x86_64 | 1.4.0 | 292.00 | OK | |||
r-release-windows-x86_64 | 1.4.0 | 49.00 | 456.00 | 505.00 | OK | |
r-oldrel-macos-arm64 | 1.4.0 | 102.00 | OK | |||
r-oldrel-macos-x86_64 | 1.4.0 | 196.00 | OK | |||
r-oldrel-windows-x86_64 | 1.4.0 | 50.00 | 425.00 | 475.00 | OK |
Version: 1.4.0
Check: data for non-ASCII characters
Result: NOTE
Note: found 282 marked UTF-8 strings
Flavors: r-devel-linux-x86_64-fedora-clang, r-devel-linux-x86_64-fedora-gcc