Last updated on 2023-10-04 14:03:44 CEST.
Flavor | Version | Tinstall | Tcheck | Ttotal | Status | Flags |
---|---|---|---|---|---|---|
r-devel-linux-x86_64-debian-clang | 1.6-1 | 11.09 | 27.43 | 38.52 | OK | |
r-devel-linux-x86_64-debian-gcc | 1.6-1 | 7.39 | 21.36 | 28.75 | OK | |
r-devel-linux-x86_64-fedora-clang | 1.6-1 | 48.64 | OK | |||
r-devel-linux-x86_64-fedora-gcc | 1.6-1 | 48.60 | OK | |||
r-devel-windows-x86_64 | 1.6-1 | 23.00 | 86.00 | 109.00 | NOTE | |
r-patched-linux-x86_64 | 1.6-1 | 9.33 | 26.90 | 36.23 | OK | |
r-release-linux-x86_64 | 1.6-1 | 8.50 | 26.64 | 35.14 | OK | |
r-release-macos-arm64 | 1.6-1 | 35.00 | NOTE | |||
r-release-macos-x86_64 | 1.6-1 | 78.00 | NOTE | |||
r-release-windows-x86_64 | 1.6-1 | 28.00 | 101.00 | 129.00 | NOTE | |
r-oldrel-macos-arm64 | 1.6-1 | 37.00 | NOTE | |||
r-oldrel-macos-x86_64 | 1.6-1 | 49.00 | NOTE | |||
r-oldrel-windows-x86_64 | 1.6-1 | 16.00 | 92.00 | 108.00 | NOTE |
Version: 1.6-1
Check: installed package size
Result: NOTE
installed size is 7.2Mb
sub-directories of 1Mb or more:
libs 7.1Mb
Flavors: r-devel-windows-x86_64, r-release-macos-arm64, r-release-macos-x86_64, r-release-windows-x86_64, r-oldrel-macos-arm64, r-oldrel-macos-x86_64, r-oldrel-windows-x86_64