CRAN Package Check Results for Package CalibrateSSB

Last updated on 2021-09-26 00:48:35 CEST.

Flavor Version Tinstall Tcheck Ttotal Status Flags
r-devel-linux-x86_64-debian-clang 1.3.0 9.67 104.46 114.13 NOTE
r-devel-linux-x86_64-debian-gcc 1.3.0 7.47 77.52 84.99 NOTE
r-devel-linux-x86_64-fedora-clang 1.3.0 143.99 NOTE
r-devel-linux-x86_64-fedora-gcc 1.3.0 131.84 NOTE
r-devel-windows-x86_64 1.3.0 10.00 92.00 102.00 NOTE
r-devel-windows-x86_64-gcc10-UCRT 1.3.0 NOTE
r-patched-linux-x86_64 1.3.0 8.15 98.10 106.25 NOTE
r-patched-solaris-x86 1.3.0 189.70 NOTE
r-release-linux-x86_64 1.3.0 7.90 99.07 106.97 NOTE
r-release-macos-arm64 1.3.0 NOTE
r-release-macos-x86_64 1.3.0 NOTE
r-release-windows-ix86+x86_64 1.3.0 21.00 123.00 144.00 NOTE
r-oldrel-macos-x86_64 1.3.0 NOTE
r-oldrel-windows-ix86+x86_64 1.3.0 14.00 95.00 109.00 NOTE

Check Details

Version: 1.3.0
Check: package dependencies
Result: NOTE
    Package suggested but not available for checking: 'ReGenesees'
Flavors: r-devel-linux-x86_64-debian-clang, r-devel-linux-x86_64-debian-gcc, r-devel-linux-x86_64-fedora-clang, r-devel-linux-x86_64-fedora-gcc, r-devel-windows-x86_64, r-devel-windows-x86_64-gcc10-UCRT, r-patched-linux-x86_64, r-patched-solaris-x86, r-release-linux-x86_64, r-release-macos-arm64, r-release-macos-x86_64, r-release-windows-ix86+x86_64, r-oldrel-macos-x86_64, r-oldrel-windows-ix86+x86_64