Last updated on 2023-03-28 12:54:36 CEST.
Flavor | Version | Tinstall | Tcheck | Ttotal | Status | Flags |
---|---|---|---|---|---|---|
r-devel-linux-x86_64-debian-clang | 1.0.1 | 25.55 | 33.93 | 59.48 | OK | |
r-devel-linux-x86_64-debian-gcc | 1.0.1 | 18.63 | 26.92 | 45.55 | OK | |
r-devel-linux-x86_64-fedora-clang | 1.0.1 | 77.81 | NOTE | |||
r-devel-linux-x86_64-fedora-gcc | 1.0.1 | 69.43 | OK | |||
r-patched-linux-x86_64 | 1.0.1 | 14.69 | 31.63 | 46.32 | OK | |
r-release-linux-x86_64 | 1.0.1 | 17.58 | 31.74 | 49.32 | OK | |
r-release-macos-arm64 | 1.0.1 | 25.00 | OK | |||
r-release-macos-x86_64 | 1.0.1 | 33.00 | OK | |||
r-release-windows-x86_64 | 1.0.1 | 30.00 | 85.00 | 115.00 | OK | |
r-oldrel-macos-arm64 | 1.0.1 | 29.00 | OK | |||
r-oldrel-macos-x86_64 | 1.0.1 | 42.00 | OK | |||
r-oldrel-windows-ix86+x86_64 | 1.0.1 | 55.00 | 84.00 | 139.00 | OK |
Version: 1.0.1
Check: Rd cross-references
Result: NOTE
Undeclared package ‘sitmo’ in Rd xrefs
Flavor: r-devel-linux-x86_64-fedora-clang