CRAN Package Check Results for Package Certara.R

Last updated on 2023-09-28 20:56:40 CEST.

Flavor Version Tinstall Tcheck Ttotal Status Flags
r-devel-linux-x86_64-debian-clang 1.0.0 2.80 22.18 24.98 OK
r-devel-linux-x86_64-debian-gcc 1.0.0 1.80 17.41 19.21 OK
r-devel-linux-x86_64-fedora-clang 1.0.0 32.90 NOTE
r-devel-linux-x86_64-fedora-gcc 1.0.0 32.34 NOTE
r-devel-windows-x86_64 1.0.0 5.00 56.00 61.00 OK
r-patched-linux-x86_64 1.0.0 2.28 20.56 22.84 OK
r-release-linux-x86_64 1.0.0 2.62 20.58 23.20 OK
r-release-macos-arm64 1.0.0 15.00 OK
r-release-macos-x86_64 1.0.0 17.00 OK
r-release-windows-x86_64 1.0.0 5.00 43.00 48.00 OK
r-oldrel-macos-arm64 1.0.0 15.00 NOTE
r-oldrel-macos-x86_64 1.0.0 22.00 NOTE
r-oldrel-windows-x86_64 1.0.0 6.00 41.00 47.00 OK

Check Details

Version: 1.0.0
Check: dependencies in R code
Result: NOTE
    Namespaces in Imports field not imported from:
     ‘DT’ ‘batchtools’ ‘data.table’ ‘dplyr’ ‘ggplot2’ ‘htmltools’
     ‘jsonlite’ ‘magrittr’ ‘methods’ ‘plotly’ ‘reshape’ ‘rlang’ ‘shiny’
     ‘shinyWidgets’ ‘shinyjqui’ ‘shinyjs’ ‘shinymaterial’ ‘sortable’ ‘ssh’
     ‘xml2’
     All declared Imports should be used.
Flavors: r-devel-linux-x86_64-fedora-clang, r-devel-linux-x86_64-fedora-gcc, r-oldrel-macos-arm64, r-oldrel-macos-x86_64