Last updated on 2023-12-05 07:48:27 CET.
Flavor | Version | Tinstall | Tcheck | Ttotal | Status | Flags |
---|---|---|---|---|---|---|
r-devel-linux-x86_64-debian-clang | 0.2-6 | 3.58 | 35.94 | 39.52 | NOTE | |
r-devel-linux-x86_64-debian-gcc | 0.2-6 | 2.84 | 27.76 | 30.60 | NOTE | |
r-devel-linux-x86_64-fedora-clang | 0.2-6 | 50.13 | OK | |||
r-devel-linux-x86_64-fedora-gcc | 0.2-6 | 47.86 | OK | |||
r-devel-windows-x86_64 | 0.2-6 | 5.00 | 56.00 | 61.00 | OK | |
r-patched-linux-x86_64 | 0.2-6 | 5.31 | 34.12 | 39.43 | OK | |
r-release-linux-x86_64 | 0.2-6 | 4.04 | 33.69 | 37.73 | OK | |
r-release-macos-arm64 | 0.2-6 | 21.00 | OK | |||
r-release-macos-x86_64 | 0.2-6 | 27.00 | OK | |||
r-release-windows-x86_64 | 0.2-6 | 7.00 | 57.00 | 64.00 | OK | |
r-oldrel-macos-arm64 | 0.2-6 | 20.00 | OK | |||
r-oldrel-macos-x86_64 | 0.2-6 | 27.00 | OK | |||
r-oldrel-windows-x86_64 | 0.2-6 | 7.00 | 57.00 | 64.00 | OK |
Version: 0.2-6
Check: Rd files
Result: NOTE
checkRd: (-1) rstable.Rd:42: Lost braces
42 | Lo\"{g}ae\"{v}e, M. (1977). Probability Theory I. (fourth edition) Springer-Verlag, New York.
| ^
checkRd: (-1) rstable.Rd:42: Lost braces
42 | Lo\"{g}ae\"{v}e, M. (1977). Probability Theory I. (fourth edition) Springer-Verlag, New York.
| ^
Flavors: r-devel-linux-x86_64-debian-clang, r-devel-linux-x86_64-debian-gcc