Last updated on 2023-11-30 11:49:22 CET.
Flavor | Version | Tinstall | Tcheck | Ttotal | Status | Flags |
---|---|---|---|---|---|---|
r-devel-linux-x86_64-debian-clang | 0.1.0 | 33.36 | 28.01 | 61.37 | NOTE | |
r-devel-linux-x86_64-debian-gcc | 0.1.0 | 25.84 | 21.57 | 47.41 | NOTE | |
r-devel-linux-x86_64-fedora-clang | 0.1.0 | 88.58 | NOTE | |||
r-devel-linux-x86_64-fedora-gcc | 0.1.0 | 87.73 | NOTE | |||
r-devel-windows-x86_64 | 0.1.0 | 28.00 | 64.00 | 92.00 | NOTE | |
r-patched-linux-x86_64 | 0.1.0 | 32.98 | 27.64 | 60.62 | NOTE | |
r-release-linux-x86_64 | 0.1.0 | 26.92 | 27.49 | 54.41 | NOTE | |
r-release-macos-arm64 | 0.1.0 | 24.00 | NOTE | |||
r-release-macos-x86_64 | 0.1.0 | 43.00 | NOTE | |||
r-release-windows-x86_64 | 0.1.0 | 35.00 | 68.00 | 103.00 | NOTE | |
r-oldrel-macos-arm64 | 0.1.0 | 24.00 | NOTE | |||
r-oldrel-macos-x86_64 | 0.1.0 | 34.00 | NOTE | |||
r-oldrel-windows-x86_64 | 0.1.0 | 34.00 | 69.00 | 103.00 | NOTE |
Version: 0.1.0
Check: LazyData
Result: NOTE
'LazyData' is specified without a 'data' directory
Flavors: r-devel-linux-x86_64-debian-clang, r-devel-linux-x86_64-debian-gcc, r-devel-linux-x86_64-fedora-clang, r-devel-linux-x86_64-fedora-gcc, r-devel-windows-x86_64, r-patched-linux-x86_64, r-release-linux-x86_64, r-release-macos-arm64, r-release-macos-x86_64, r-release-windows-x86_64, r-oldrel-macos-arm64, r-oldrel-macos-x86_64, r-oldrel-windows-x86_64