Last updated on 2023-03-21 07:54:06 CET.
Flavor | Version | Tinstall | Tcheck | Ttotal | Status | Flags |
---|---|---|---|---|---|---|
r-devel-linux-x86_64-debian-clang | 1.0.4 | OK | ||||
r-devel-linux-x86_64-debian-gcc | 1.0.4 | 33.20 | 47.85 | 81.05 | OK | |
r-devel-linux-x86_64-fedora-clang | 1.0.4 | 144.56 | NOTE | |||
r-devel-linux-x86_64-fedora-gcc | 1.0.4 | 134.57 | NOTE | |||
r-devel-windows-x86_64 | 1.0.4 | 66.00 | 114.00 | 180.00 | OK | |
r-patched-linux-x86_64 | 1.0.4 | 36.63 | 59.79 | 96.42 | OK | |
r-release-linux-x86_64 | 1.0.4 | 38.54 | 58.43 | 96.97 | OK | |
r-release-macos-arm64 | 1.0.4 | 34.00 | NOTE | |||
r-release-macos-x86_64 | 1.0.4 | 50.00 | NOTE | |||
r-release-windows-x86_64 | 1.0.4 | 52.00 | 118.00 | 170.00 | OK | |
r-oldrel-macos-arm64 | 1.0.4 | 50.00 | NOTE | |||
r-oldrel-macos-x86_64 | 1.0.4 | 71.00 | NOTE | |||
r-oldrel-windows-ix86+x86_64 | 1.0.4 | 91.00 | 125.00 | 216.00 | OK |
Version: 1.0.4
Check: compiled code
Result: NOTE
File ‘ClustMMDD/libs/ClustMMDD.so’:
Found no calls to: ‘R_registerRoutines’, ‘R_useDynamicSymbols’
It is good practice to register native routines and to disable symbol
search.
See ‘Writing portable packages’ in the ‘Writing R Extensions’ manual.
Flavors: r-devel-linux-x86_64-fedora-clang, r-devel-linux-x86_64-fedora-gcc
Version: 1.0.4
Check: installed package size
Result: NOTE
installed size is 5.5Mb
sub-directories of 1Mb or more:
libs 5.0Mb
Flavors: r-release-macos-arm64, r-release-macos-x86_64, r-oldrel-macos-arm64, r-oldrel-macos-x86_64