CRAN Package Check Results for Package CoClust

Last updated on 2021-09-21 04:54:58 CEST.

Flavor Version Tinstall Tcheck Ttotal Status Flags
r-devel-linux-x86_64-debian-clang 0.3-2 9.71 78.79 88.50 OK
r-devel-linux-x86_64-debian-gcc 0.3-2 7.35 60.29 67.64 OK
r-devel-linux-x86_64-fedora-clang 0.3-2 112.80 OK
r-devel-linux-x86_64-fedora-gcc 0.3-2 103.66 OK
r-devel-windows-x86_64 0.3-2 9.00 71.00 80.00 OK
r-devel-windows-x86_64-gcc10-UCRT 0.3-2 ERROR
r-patched-linux-x86_64 0.3-2 10.69 76.70 87.39 OK
r-patched-solaris-x86 0.3-2 158.40 OK
r-release-linux-x86_64 0.3-2 8.46 76.30 84.76 OK
r-release-macos-arm64 0.3-2 OK
r-release-macos-x86_64 0.3-2 OK
r-release-windows-ix86+x86_64 0.3-2 19.00 97.00 116.00 OK
r-oldrel-macos-x86_64 0.3-2 OK
r-oldrel-windows-ix86+x86_64 0.3-2 19.00 74.00 93.00 OK

Check Details

Version: 0.3-2
Check: whether package can be installed
Result: WARN
    Found the following significant warnings:
     WARNING: installation-time patches will not be applied, could not get the patches index
Flavor: r-devel-windows-x86_64-gcc10-UCRT

Version: 0.3-2
Check: PDF version of manual
Result: WARN
    LaTeX errors when creating PDF version.
    This typically indicates Rd problems.
Flavor: r-devel-windows-x86_64-gcc10-UCRT

Version: 0.3-2
Check: PDF version of manual without hyperrefs or index
Result: ERROR
    Re-running with no redirection of stdout/stderr.
Flavor: r-devel-windows-x86_64-gcc10-UCRT