CRAN Package Check Results for Package CompDist

Last updated on 2021-12-04 11:52:31 CET.

Flavor Version Tinstall Tcheck Ttotal Status Flags
r-devel-linux-x86_64-debian-clang 1.0 3.56 27.53 31.09 OK
r-devel-linux-x86_64-debian-gcc 1.0 2.22 28.12 30.34 OK
r-devel-linux-x86_64-fedora-clang 1.0 48.80 NOTE
r-devel-linux-x86_64-fedora-gcc 1.0 39.63 NOTE
r-devel-windows-x86_64-new-UL 1.0 7.00 71.00 78.00 OK
r-devel-windows-x86_64-new-TK 1.0 NOTE
r-devel-windows-x86_64-old 1.0 5.00 36.00 41.00 OK
r-patched-linux-x86_64 1.0 3.21 27.00 30.21 OK
r-release-linux-x86_64 1.0 3.40 26.68 30.08 OK
r-release-macos-arm64 1.0 NOTE
r-release-macos-x86_64 1.0 NOTE
r-release-windows-ix86+x86_64 1.0 7.00 48.00 55.00 OK
r-oldrel-macos-x86_64 1.0 NOTE
r-oldrel-windows-ix86+x86_64 1.0 6.00 44.00 50.00 OK

Check Details

Version: 1.0
Check: dependencies in R code
Result: NOTE
    Namespaces in Imports field not imported from:
     ‘PearsonDS’ ‘VGAM’ ‘actuar’ ‘fExtremes’ ‘rmutil’
     All declared Imports should be used.
Flavors: r-devel-linux-x86_64-fedora-clang, r-devel-linux-x86_64-fedora-gcc, r-devel-windows-x86_64-new-TK, r-release-macos-arm64, r-release-macos-x86_64, r-oldrel-macos-x86_64