Last updated on 2023-03-31 16:53:43 CEST.
Flavor | Version | Tinstall | Tcheck | Ttotal | Status | Flags |
---|---|---|---|---|---|---|
r-devel-linux-x86_64-debian-clang | 0.1.0 | 54.24 | 353.58 | 407.82 | NOTE | |
r-devel-linux-x86_64-debian-gcc | 0.1.0 | 36.13 | 272.14 | 308.27 | NOTE | |
r-devel-linux-x86_64-fedora-clang | 0.1.0 | 535.45 | NOTE | |||
r-devel-linux-x86_64-fedora-gcc | 0.1.0 | 542.44 | NOTE | |||
r-devel-windows-x86_64 | 0.1.0 | 193.00 | 385.00 | 578.00 | NOTE | |
r-patched-linux-x86_64 | 0.1.0 | 43.00 | 335.80 | 378.80 | NOTE | |
r-release-linux-x86_64 | 0.1.0 | 30.46 | 359.17 | 389.63 | NOTE | |
r-release-macos-arm64 | 0.1.0 | 173.00 | NOTE | |||
r-release-macos-x86_64 | 0.1.0 | 202.00 | NOTE | |||
r-release-windows-x86_64 | 0.1.0 | 63.00 | 391.00 | 454.00 | NOTE | |
r-oldrel-macos-arm64 | 0.1.0 | 174.00 | NOTE | |||
r-oldrel-macos-x86_64 | 0.1.0 | 219.00 | NOTE | |||
r-oldrel-windows-ix86+x86_64 | 0.1.0 | 111.00 | 485.00 | 596.00 | NOTE |
Version: 0.1.0
Check: C++ specification
Result: NOTE
Specified C++11: please drop specification unless essential
Flavors: r-devel-linux-x86_64-debian-clang, r-devel-linux-x86_64-debian-gcc, r-devel-linux-x86_64-fedora-clang, r-devel-linux-x86_64-fedora-gcc, r-devel-windows-x86_64, r-patched-linux-x86_64
Version: 0.1.0
Check: LazyData
Result: NOTE
'LazyData' is specified without a 'data' directory
Flavors: r-devel-linux-x86_64-debian-clang, r-devel-linux-x86_64-debian-gcc, r-devel-linux-x86_64-fedora-clang, r-devel-linux-x86_64-fedora-gcc, r-devel-windows-x86_64, r-patched-linux-x86_64, r-release-linux-x86_64, r-release-macos-arm64, r-release-macos-x86_64, r-release-windows-x86_64, r-oldrel-macos-arm64, r-oldrel-macos-x86_64, r-oldrel-windows-ix86+x86_64