Last updated on 2023-06-03 04:55:46 CEST.
Flavor | Version | Tinstall | Tcheck | Ttotal | Status | Flags |
---|---|---|---|---|---|---|
r-devel-linux-x86_64-debian-clang | 0.2.6.2 | 11.42 | 125.81 | 137.23 | NOTE | |
r-devel-linux-x86_64-debian-gcc | 0.2.6.2 | 8.82 | 97.04 | 105.86 | NOTE | |
r-devel-linux-x86_64-fedora-clang | 0.2.6.2 | 171.72 | NOTE | |||
r-devel-linux-x86_64-fedora-gcc | 0.2.6.2 | 164.26 | NOTE | |||
r-devel-windows-x86_64 | 0.2.6.2 | 11.00 | 108.00 | 119.00 | NOTE | |
r-patched-linux-x86_64 | 0.2.6.2 | NOTE | ||||
r-release-linux-x86_64 | 0.2.6.2 | 10.06 | 119.60 | 129.66 | NOTE | |
r-release-macos-arm64 | 0.2.6.2 | 51.00 | NOTE | |||
r-release-macos-x86_64 | 0.2.6.2 | 66.00 | NOTE | |||
r-release-windows-x86_64 | 0.2.6.2 | 13.00 | 129.00 | 142.00 | NOTE | |
r-oldrel-macos-arm64 | 0.2.6.2 | 50.00 | NOTE | |||
r-oldrel-macos-x86_64 | 0.2.6.2 | 63.00 | NOTE | |||
r-oldrel-windows-x86_64 | 0.2.6.2 | 14.00 | 133.00 | 147.00 | NOTE |
Version: 0.2.6.2
Check: package dependencies
Result: NOTE
Package suggested but not available for checking: ‘CAM’
Flavors: r-devel-linux-x86_64-debian-clang, r-devel-linux-x86_64-debian-gcc, r-devel-linux-x86_64-fedora-clang, r-devel-linux-x86_64-fedora-gcc, r-devel-windows-x86_64, r-patched-linux-x86_64, r-release-linux-x86_64, r-release-macos-arm64, r-release-windows-x86_64, r-oldrel-macos-arm64, r-oldrel-macos-x86_64, r-oldrel-windows-x86_64
Version: 0.2.6.2
Check: package dependencies
Result: NOTE
Packages suggested but not available for checking:
'pcalg', 'InvariantCausalPrediction', 'backShift', 'CAM', 'mboost',
'huge', 'flare'
Flavor: r-release-macos-x86_64