Last updated on 2023-03-21 07:54:06 CET.
Flavor | Version | Tinstall | Tcheck | Ttotal | Status | Flags |
---|---|---|---|---|---|---|
r-devel-linux-x86_64-debian-clang | 0.4.6.1 | OK | ||||
r-devel-linux-x86_64-debian-gcc | 0.4.6.1 | 27.75 | 37.85 | 65.60 | OK | |
r-devel-linux-x86_64-fedora-clang | 0.4.6.1 | 111.04 | NOTE | |||
r-devel-linux-x86_64-fedora-gcc | 0.4.6.1 | 108.88 | NOTE | |||
r-devel-windows-x86_64 | 0.4.6.1 | 44.00 | 99.00 | 143.00 | OK | |
r-patched-linux-x86_64 | 0.4.6.1 | 29.42 | 49.76 | 79.18 | OK | |
r-release-linux-x86_64 | 0.4.6.1 | 30.79 | 49.94 | 80.73 | OK | |
r-release-macos-arm64 | 0.4.6.1 | 33.00 | NOTE | |||
r-release-macos-x86_64 | 0.4.6.1 | 42.00 | NOTE | |||
r-release-windows-x86_64 | 0.4.6.1 | 31.00 | 107.00 | 138.00 | OK | |
r-oldrel-macos-arm64 | 0.4.6.1 | 38.00 | NOTE | |||
r-oldrel-macos-x86_64 | 0.4.6.1 | 61.00 | NOTE | |||
r-oldrel-windows-ix86+x86_64 | 0.4.6.1 | 69.00 | 111.00 | 180.00 | OK |
Version: 0.4.6.1
Check: compiled code
Result: NOTE
File ‘ConConPiWiFun/libs/ConConPiWiFun.so’:
Found no calls to: ‘R_registerRoutines’, ‘R_useDynamicSymbols’
It is good practice to register native routines and to disable symbol
search.
See ‘Writing portable packages’ in the ‘Writing R Extensions’ manual.
Flavors: r-devel-linux-x86_64-fedora-clang, r-devel-linux-x86_64-fedora-gcc
Version: 0.4.6.1
Check: installed package size
Result: NOTE
installed size is 5.5Mb
sub-directories of 1Mb or more:
libs 5.3Mb
Flavors: r-release-macos-arm64, r-release-macos-x86_64, r-oldrel-macos-arm64, r-oldrel-macos-x86_64