Last updated on 2023-09-27 01:05:25 CEST.
Flavor | Version | Tinstall | Tcheck | Ttotal | Status | Flags |
---|---|---|---|---|---|---|
r-devel-linux-x86_64-debian-clang | 0.1.5 | 9.94 | 352.60 | 362.54 | NOTE | |
r-devel-linux-x86_64-debian-gcc | 0.1.5 | 10.59 | 332.65 | 343.24 | NOTE | |
r-devel-linux-x86_64-fedora-clang | 0.1.5 | 514.93 | NOTE | |||
r-devel-linux-x86_64-fedora-gcc | 0.1.5 | 475.00 | NOTE | |||
r-devel-windows-x86_64 | 0.1.5 | 12.00 | 362.00 | 374.00 | NOTE | |
r-patched-linux-x86_64 | 0.1.5 | 13.65 | 382.86 | 396.51 | NOTE | |
r-release-linux-x86_64 | 0.1.5 | 11.97 | 345.17 | 357.14 | NOTE | |
r-release-macos-arm64 | 0.1.5 | 189.00 | NOTE | |||
r-release-macos-x86_64 | 0.1.5 | 427.00 | NOTE | |||
r-release-windows-x86_64 | 0.1.5 | 14.00 | 378.00 | 392.00 | NOTE | |
r-oldrel-macos-arm64 | 0.1.5 | 183.00 | NOTE | |||
r-oldrel-macos-x86_64 | 0.1.5 | 232.00 | NOTE | |||
r-oldrel-windows-x86_64 | 0.1.5 | 15.00 | 371.00 | 386.00 | NOTE |
Version: 0.1.5
Check: LazyData
Result: NOTE
'LazyData' is specified without a 'data' directory
Flavors: r-devel-linux-x86_64-debian-clang, r-devel-linux-x86_64-debian-gcc, r-devel-linux-x86_64-fedora-clang, r-devel-linux-x86_64-fedora-gcc, r-devel-windows-x86_64, r-patched-linux-x86_64, r-release-linux-x86_64, r-release-macos-arm64, r-release-macos-x86_64, r-release-windows-x86_64, r-oldrel-macos-arm64, r-oldrel-macos-x86_64, r-oldrel-windows-x86_64