CRAN Package Check Results for Package ConfusionTableR

Last updated on 2021-10-17 12:52:38 CEST.

Flavor Version Tinstall Tcheck Ttotal Status Flags
r-devel-linux-x86_64-debian-clang 1.0.2 13.98 153.08 167.06 OK
r-devel-linux-x86_64-debian-gcc 1.0.2 11.54 119.04 130.58 OK
r-devel-linux-x86_64-fedora-clang 1.0.2 209.13 NOTE
r-devel-linux-x86_64-fedora-gcc 1.0.2 191.10 NOTE
r-devel-windows-x86_64 1.0.2 21.00 190.00 211.00 OK
r-devel-windows-x86_64-gcc10-UCRT 1.0.2 NOTE
r-patched-linux-x86_64 1.0.2 13.23 145.19 158.42 OK
r-patched-solaris-x86 1.0.2 246.80 NOTE
r-release-linux-x86_64 1.0.2 12.86 145.45 158.31 OK
r-release-macos-arm64 1.0.1 NOTE
r-release-macos-x86_64 1.0.2 NOTE
r-release-windows-ix86+x86_64 1.0.2 22.00 8.00 30.00 ERROR
r-oldrel-macos-x86_64 1.0.2 NOTE
r-oldrel-windows-ix86+x86_64 1.0.1 33.00 199.00 232.00 OK

Check Details

Version: 1.0.2
Check: dependencies in R code
Result: NOTE
    Namespaces in Imports field not imported from:
     ‘e1071’ ‘ggplot2’ ‘lattice’ ‘mlbench’ ‘randomForest’ ‘scales’
     All declared Imports should be used.
Flavors: r-devel-linux-x86_64-fedora-clang, r-devel-linux-x86_64-fedora-gcc, r-devel-windows-x86_64-gcc10-UCRT, r-patched-solaris-x86, r-release-macos-x86_64, r-oldrel-macos-x86_64

Version: 1.0.1
Check: dependencies in R code
Result: NOTE
    Namespaces in Imports field not imported from:
     ‘e1071’ ‘ggplot2’ ‘lattice’ ‘magrittr’ ‘mlbench’ ‘randomForest’
     ‘scales’ ‘tibble’ ‘tidyr’
     All declared Imports should be used.
Flavor: r-release-macos-arm64

Version: 1.0.2
Check: whether package can be installed
Result: ERROR
    Installation failed.
Flavor: r-release-windows-ix86+x86_64