CRAN Package Check Results for Package ContourFunctions

Last updated on 2024-06-22 16:49:00 CEST.

Flavor Version Tinstall Tcheck Ttotal Status Flags
r-devel-linux-x86_64-debian-clang 0.1.1 2.91 149.25 152.16 NOTE
r-devel-linux-x86_64-debian-gcc 0.1.1 2.36 110.15 112.51 NOTE
r-devel-linux-x86_64-fedora-clang 0.1.1 191.71 NOTE
r-devel-linux-x86_64-fedora-gcc 0.1.1 199.23 NOTE
r-devel-windows-x86_64 0.1.1 4.00 113.00 117.00 NOTE
r-patched-linux-x86_64 0.1.1 4.21 143.85 148.06 NOTE
r-release-linux-x86_64 0.1.1 2.19 145.13 147.32 NOTE
r-release-macos-arm64 0.1.1 50.00 NOTE
r-release-macos-x86_64 0.1.1 79.00 NOTE
r-release-windows-x86_64 0.1.1 4.00 159.00 163.00 NOTE
r-oldrel-macos-arm64 0.1.1 54.00 OK
r-oldrel-macos-x86_64 0.1.1 90.00 OK
r-oldrel-windows-x86_64 0.1.1 5.00 134.00 139.00 OK

Check Details

Version: 0.1.1
Check: Rd files
Result: NOTE checkRd: (-1) cf_grid.Rd:38: Lost braces; missing escapes or markup? 38 | heat.colors, terrain.colors, topo.colors, and function(x) {gray((1:x)/x)}.} | ^ checkRd: (-1) cf_highdim.Rd:58: Lost braces; missing escapes or markup? 58 | heat.colors, terrain.colors, topo.colors, and function(x) {gray((1:x)/x)}.} | ^ checkRd: (-1) gcf_grid.Rd:51: Lost braces; missing escapes or markup? 51 | heat.colors, terrain.colors, topo.colors, and function(x) {gray((1:x)/x)}.} | ^ Flavors: r-devel-linux-x86_64-debian-clang, r-devel-linux-x86_64-debian-gcc, r-devel-linux-x86_64-fedora-clang, r-devel-linux-x86_64-fedora-gcc, r-devel-windows-x86_64, r-patched-linux-x86_64, r-release-linux-x86_64, r-release-macos-arm64, r-release-macos-x86_64, r-release-windows-x86_64