Last updated on 2023-03-23 07:54:23 CET.
Flavor | Version | Tinstall | Tcheck | Ttotal | Status | Flags |
---|---|---|---|---|---|---|
r-devel-linux-x86_64-debian-clang | 1.6 | 8.86 | 120.36 | 129.22 | NOTE | |
r-devel-linux-x86_64-debian-gcc | 1.6 | 7.00 | 97.84 | 104.84 | NOTE | |
r-devel-linux-x86_64-fedora-clang | 1.6 | 160.91 | NOTE | |||
r-devel-linux-x86_64-fedora-gcc | 1.6 | 176.15 | NOTE | |||
r-devel-windows-x86_64 | 1.6 | 29.00 | 218.00 | 247.00 | NOTE | |
r-patched-linux-x86_64 | 1.6 | 9.06 | 125.89 | 134.95 | OK | |
r-release-linux-x86_64 | 1.6 | 6.00 | 124.16 | 130.16 | OK | |
r-release-macos-arm64 | 1.6 | 62.00 | OK | |||
r-release-macos-x86_64 | 1.6 | 134.00 | OK | |||
r-release-windows-x86_64 | 1.6 | 33.00 | 261.00 | 294.00 | OK | |
r-oldrel-macos-arm64 | 1.6 | 71.00 | OK | |||
r-oldrel-macos-x86_64 | 1.6 | 113.00 | OK | |||
r-oldrel-windows-ix86+x86_64 | 1.6 | 22.00 | 251.00 | 273.00 | OK |
Version: 1.6
Check: Rd files
Result: NOTE
checkRd: (-1) egde.Rd:26: Escaped LaTeX specials: \&
Flavors: r-devel-linux-x86_64-debian-clang, r-devel-linux-x86_64-debian-gcc, r-devel-linux-x86_64-fedora-clang, r-devel-linux-x86_64-fedora-gcc, r-devel-windows-x86_64
Version: 1.6
Check: Rd \usage sections
Result: NOTE
S3 methods shown with full name in documentation object ‘mChoose’:
‘mc.est.raw’
The \usage entries for S3 methods should use the \method markup and not
their full name.
See chapter ‘Writing R documentation files’ in the ‘Writing R
Extensions’ manual.
Flavors: r-devel-linux-x86_64-debian-clang, r-devel-linux-x86_64-debian-gcc, r-devel-linux-x86_64-fedora-clang, r-devel-linux-x86_64-fedora-gcc, r-devel-windows-x86_64