Last updated on 2023-05-31 01:03:15 CEST.
Flavor | Version | Tinstall | Tcheck | Ttotal | Status | Flags |
---|---|---|---|---|---|---|
r-devel-linux-x86_64-debian-clang | 3.5.6 | 159.87 | 181.51 | 341.38 | OK | |
r-devel-linux-x86_64-debian-gcc | 3.5.6 | 129.43 | 136.62 | 266.05 | OK | |
r-devel-linux-x86_64-fedora-clang | 3.5.6 | 481.05 | OK | |||
r-devel-linux-x86_64-fedora-gcc | 3.5.6 | 484.20 | OK | |||
r-devel-windows-x86_64 | 3.5.6 | 125.00 | 230.00 | 355.00 | OK | |
r-patched-linux-x86_64 | 3.5.6 | 126.94 | 168.78 | 295.72 | OK | |
r-release-linux-x86_64 | 3.5.6 | 135.02 | 170.21 | 305.23 | OK | |
r-release-macos-arm64 | 3.5.6 | 131.00 | NOTE | |||
r-release-macos-x86_64 | 3.5.6 | 213.00 | NOTE | |||
r-release-windows-x86_64 | 3.5.6 | 162.00 | 252.00 | 414.00 | OK | |
r-oldrel-macos-arm64 | 3.5.6 | 129.00 | NOTE | |||
r-oldrel-macos-x86_64 | 3.5.6 | 149.00 | NOTE | |||
r-oldrel-windows-x86_64 | 3.5.6 | 155.00 | 236.00 | 391.00 | OK |
Version: 3.5.6
Check: installed package size
Result: NOTE
installed size is 8.5Mb
sub-directories of 1Mb or more:
doc 1.9Mb
libs 5.6Mb
Flavors: r-release-macos-arm64, r-release-macos-x86_64, r-oldrel-macos-arm64, r-oldrel-macos-x86_64