Last updated on 2022-07-06 16:49:41 CEST.
Flavor | Version | Tinstall | Tcheck | Ttotal | Status | Flags |
---|---|---|---|---|---|---|
r-devel-linux-x86_64-debian-clang | 3.0 | 12.97 | 97.73 | 110.70 | OK | |
r-devel-linux-x86_64-debian-gcc | 3.0 | 9.10 | 75.69 | 84.79 | OK | |
r-devel-linux-x86_64-fedora-clang | 3.0 | 145.21 | NOTE | |||
r-devel-linux-x86_64-fedora-gcc | 3.0 | 141.95 | OK | |||
r-devel-windows-x86_64 | 3.0 | 51.00 | 145.00 | 196.00 | OK | |
r-patched-linux-x86_64 | 3.0 | 12.30 | 94.22 | 106.52 | OK | |
r-release-linux-x86_64 | 3.0 | 10.61 | 94.80 | 105.41 | OK | |
r-release-macos-arm64 | 3.0 | 43.00 | OK | |||
r-release-macos-x86_64 | 3.0 | 60.00 | OK | |||
r-release-windows-x86_64 | 3.0 | 44.00 | 152.00 | 196.00 | OK | |
r-oldrel-macos-arm64 | 3.0 | 52.00 | OK | |||
r-oldrel-macos-x86_64 | 3.0 | 87.00 | OK | |||
r-oldrel-windows-ix86+x86_64 | 3.0 | 22.00 | 129.00 | 151.00 | OK |
Version: 3.0
Check: Rd cross-references
Result: NOTE
Undeclared package ‘betareg’ in Rd xrefs
Flavor: r-devel-linux-x86_64-fedora-clang