Last updated on 2023-12-07 04:01:49 CET.
Flavor | Version | Tinstall | Tcheck | Ttotal | Status | Flags |
---|---|---|---|---|---|---|
r-devel-linux-x86_64-debian-clang | 0.5.4 | 88.43 | 106.87 | 195.30 | NOTE | |
r-devel-linux-x86_64-debian-gcc | 0.5.4 | 57.42 | 81.67 | 139.09 | NOTE | |
r-devel-linux-x86_64-fedora-clang | 0.5.4 | 258.01 | NOTE | |||
r-devel-linux-x86_64-fedora-gcc | 0.5.4 | 271.77 | NOTE | |||
r-devel-windows-x86_64 | 0.5.4 | 62.00 | 123.00 | 185.00 | NOTE | |
r-patched-linux-x86_64 | 0.5.4 | 53.52 | 103.55 | 157.07 | NOTE | |
r-release-linux-x86_64 | 0.5.4 | 51.09 | 104.33 | 155.42 | NOTE | |
r-release-macos-arm64 | 0.5.4 | 66.00 | NOTE | |||
r-release-macos-x86_64 | 0.5.4 | 113.00 | NOTE | |||
r-release-windows-x86_64 | 0.5.4 | 82.00 | 146.00 | 228.00 | NOTE | |
r-oldrel-macos-arm64 | 0.5.4 | 61.00 | OK | |||
r-oldrel-macos-x86_64 | 0.5.4 | 119.00 | OK | |||
r-oldrel-windows-x86_64 | 0.5.4 | 81.00 | 149.00 | 230.00 | OK |
Version: 0.5.4
Check: C++ specification
Result: NOTE
Specified C++11: please drop specification unless essential
Flavors: r-devel-linux-x86_64-debian-clang, r-devel-linux-x86_64-debian-gcc, r-devel-linux-x86_64-fedora-clang, r-devel-linux-x86_64-fedora-gcc, r-devel-windows-x86_64, r-patched-linux-x86_64, r-release-linux-x86_64, r-release-macos-arm64, r-release-macos-x86_64, r-release-windows-x86_64