Last updated on 2023-09-26 17:09:15 CEST.
Flavor | Version | Tinstall | Tcheck | Ttotal | Status | Flags |
---|---|---|---|---|---|---|
r-devel-linux-x86_64-debian-clang | 0.1.5 | 69.51 | 69.83 | 139.34 | NOTE | |
r-devel-linux-x86_64-debian-gcc | 0.1.5 | 53.04 | 57.92 | 110.96 | NOTE | |
r-devel-linux-x86_64-fedora-clang | 0.1.5 | 182.28 | NOTE | |||
r-devel-linux-x86_64-fedora-gcc | 0.1.5 | 198.44 | NOTE | |||
r-devel-windows-x86_64 | 0.1.5 | 51.00 | 91.00 | 142.00 | NOTE | |
r-patched-linux-x86_64 | 0.1.5 | 75.83 | 74.11 | 149.94 | NOTE | |
r-release-linux-x86_64 | 0.1.5 | 69.75 | 75.52 | 145.27 | NOTE | |
r-release-macos-arm64 | 0.1.5 | 61.00 | NOTE | |||
r-release-macos-x86_64 | 0.1.5 | 92.00 | NOTE | |||
r-release-windows-x86_64 | 0.1.5 | 65.00 | 106.00 | 171.00 | NOTE | |
r-oldrel-macos-arm64 | 0.1.5 | 55.00 | NOTE | |||
r-oldrel-macos-x86_64 | 0.1.5 | 70.00 | NOTE | |||
r-oldrel-windows-x86_64 | 0.1.5 | 65.00 | 100.00 | 165.00 | OK |
Version: 0.1.5
Check: C++ specification
Result: NOTE
Specified C++11: please drop specification unless essential
Flavors: r-devel-linux-x86_64-debian-clang, r-devel-linux-x86_64-debian-gcc, r-devel-linux-x86_64-fedora-clang, r-devel-linux-x86_64-fedora-gcc, r-devel-windows-x86_64, r-patched-linux-x86_64, r-release-linux-x86_64, r-release-macos-arm64, r-release-macos-x86_64, r-release-windows-x86_64
Version: 0.1.5
Check: installed package size
Result: NOTE
installed size is 24.3Mb
sub-directories of 1Mb or more:
libs 24.2Mb
Flavors: r-release-macos-arm64, r-release-macos-x86_64, r-oldrel-macos-arm64, r-oldrel-macos-x86_64