CRAN Package Check Results for Package DHS.rates

Last updated on 2021-09-19 04:52:55 CEST.

Flavor Version Tinstall Tcheck Ttotal Status Flags
r-devel-linux-x86_64-debian-clang 0.9.0 9.37 92.15 101.52 OK
r-devel-linux-x86_64-debian-gcc 0.9.0 7.06 68.40 75.46 OK
r-devel-linux-x86_64-fedora-clang 0.9.0 128.12 NOTE
r-devel-linux-x86_64-fedora-gcc 0.9.0 112.44 NOTE
r-devel-windows-x86_64 0.9.0 11.00 83.00 94.00 OK
r-devel-windows-x86_64-gcc10-UCRT 0.9.0 ERROR
r-patched-linux-x86_64 0.9.0 10.24 86.87 97.11 OK
r-patched-solaris-x86 0.9.0 131.10 NOTE
r-release-linux-x86_64 0.9.0 9.80 86.19 95.99 OK
r-release-macos-arm64 0.9.0 NOTE
r-release-macos-x86_64 0.9.0 NOTE
r-release-windows-ix86+x86_64 0.9.0 18.00 109.00 127.00 OK
r-oldrel-macos-x86_64 0.9.0 NOTE
r-oldrel-windows-ix86+x86_64 0.9.0 18.00 112.00 130.00 OK

Check Details

Version: 0.9.0
Check: dependencies in R code
Result: NOTE
    Namespace in Imports field not imported from: ‘rlang’
     All declared Imports should be used.
Flavors: r-devel-linux-x86_64-fedora-clang, r-devel-linux-x86_64-fedora-gcc, r-devel-windows-x86_64-gcc10-UCRT, r-patched-solaris-x86, r-release-macos-arm64, r-release-macos-x86_64, r-oldrel-macos-x86_64

Version: 0.9.0
Check: whether package can be installed
Result: WARN
    Found the following significant warnings:
     WARNING: installation-time patches will not be applied, could not get the patches index
Flavor: r-devel-windows-x86_64-gcc10-UCRT

Version: 0.9.0
Check: PDF version of manual
Result: WARN
    LaTeX errors when creating PDF version.
    This typically indicates Rd problems.
Flavor: r-devel-windows-x86_64-gcc10-UCRT

Version: 0.9.0
Check: PDF version of manual without hyperrefs or index
Result: ERROR
    Re-running with no redirection of stdout/stderr.
Flavor: r-devel-windows-x86_64-gcc10-UCRT